{"id":935,"date":"2024-09-14T04:23:00","date_gmt":"2024-09-14T04:23:00","guid":{"rendered":"https:\/\/acofi.edu.co\/eiei2024\/?page_id=935"},"modified":"2024-09-14T04:23:57","modified_gmt":"2024-09-14T04:23:57","slug":"pensamiento-critico-en-la-formacion-de-ingenieros","status":"publish","type":"page","link":"https:\/\/acofi.edu.co\/eiei2024\/pensamiento-critico-en-la-formacion-de-ingenieros\/","title":{"rendered":"Pensamiento cr\u00edtico en la formaci\u00f3n de ingenieros"},"content":{"rendered":"\n<div class=\"wp-block-buttons is-content-justification-center is-layout-flex wp-container-core-buttons-is-layout-16018d1d wp-block-buttons-is-layout-flex\">\n<div class=\"wp-block-button has-custom-width wp-block-button__width-75\"><a class=\"wp-block-button__link has-white-color has-vivid-red-background-color has-text-color has-background has-link-color wp-element-button\" href=\"https:\/\/acofieventos.com.co\/login\" style=\"border-radius:0px\"><strong>INSCRIBIRSE<\/strong><\/a><\/div>\n<\/div>\n\n\n<h2><br \/>Descripci\u00f3n<\/h2>\n<p style=\"text-align: justify;\">En este taller se analizar\u00e1 la importancia de motivar el <em>pensamiento cr\u00edtico<\/em> durante la formaci\u00f3n de los futuros ingenieros. Para ello, los asistentes al taller conocer\u00e1n el Modelo de Pensamiento Cr\u00edtico que el Tecnol\u00f3gico Nacional de M\u00e9xico desarroll\u00f3 en 2024. Como aterrizaje pr\u00e1ctico, se realizar\u00e1n actividades de aplicaci\u00f3n empleando el pensamiento cr\u00edtico en estrategias de aprendizaje activo.<\/p>\n<h2>Motivaci\u00f3n<\/h2>\n<p style=\"text-align: justify;\">En la formaci\u00f3n en ingenier\u00eda es fundamental la motivaci\u00f3n y el fortalecimiento de todas las habilidades de pensamiento que son requeridas para la problematizaci\u00f3n de la realidad y la b\u00fasqueda de soluciones. Estas habilidades comprenden la capacidad de <em>dialogar, <\/em>la capacidad de<em> escuchar de manera anal\u00edtica, y <\/em>la <em>confianza para defender ideas propias<\/em>, entre otras.<br \/><br \/>Gracias al pensamiento cr\u00edtico, docentes, directivos y estudiantes aprenden a conocer o reconocer lo que saben y lo que no; esa conciencia les permite crear espacios donde se <em>confrontan <\/em>las ideas, y se construyen soluciones. La base del pensamiento cr\u00edtico es el di\u00e1logo, y \u00e9ste es la \u00fanica v\u00eda de la innovaci\u00f3n.<\/p>\n<p>\u00a0<\/p>\n\n\n<h2 class=\"wp-block-heading\">Agenda<\/h2>\n\n\n<div class=\"wp-block-image\">\n<figure class=\"aligncenter size-full\"><img loading=\"lazy\" decoding=\"async\" width=\"518\" height=\"63\" src=\"https:\/\/acofi.edu.co\/eiei2024\/wp-content\/uploads\/2024\/09\/Pensamiento-1.png\" alt=\"\" class=\"wp-image-936\" srcset=\"https:\/\/acofi.edu.co\/eiei2024\/wp-content\/uploads\/2024\/09\/Pensamiento-1.png 518w, https:\/\/acofi.edu.co\/eiei2024\/wp-content\/uploads\/2024\/09\/Pensamiento-1-300x36.png 300w\" sizes=\"auto, (max-width: 518px) 100vw, 518px\" \/><\/figure>\n<\/div>\n\n\n<h2 class=\"wp-block-heading\">Aspectos log\u00edsticos<\/h2>\n\n\n\n<ul class=\"wp-block-list\">\n<li>martes 24 de septiembre de 2024, 13:45 \u2013 18:00 horas.<\/li>\n\n\n\n<li>Fundaci\u00f3n Universitaria Tecnol\u00f3gico Comfenalco, Edificio Cedesarrollo, sal\u00f3n D-402.<\/li>\n\n\n\n<li>N\u00famero de participantes: 40.<\/li>\n\n\n\n<li>Se solicita utilizar un n\u00famero adecuado de diapositivas, evitando el uso de demasiado texto.<\/li>\n\n\n\n<li>La jornada se enmarca en el contexto del t\u00edtulo, la descripci\u00f3n y los objetivos del EIEI ACOFI 2024. Estos elementos solo tienen la pretensi\u00f3n de servir de marco para la libre reflexi\u00f3n.<\/li>\n\n\n\n<li>Transporte: No.<\/li>\n<\/ul>\n\n\n\n<h2 class=\"wp-block-heading\">Coordinaci\u00f3n<\/h2>\n\n\n\n<p>Adriana Castillo Rosas, Tecnol\u00f3gico Nacional de M\u00e9xico Campus CIIDET<\/p>\n\n\n\n<h2 class=\"wp-block-heading\">C\u00f3mo llegar<\/h2>\n\n\n\n<iframe src=\"https:\/\/www.google.com\/maps\/embed?pb=!1m18!1m12!1m3!1d1962.1019366877047!2d-75.5055571145782!3d10.405376300000006!2m3!1f0!2f0!3f0!3m2!1i1024!2i768!4f13.1!3m3!1m2!1s0x8ef625961908729f%3A0xf1b3792d83eed6e4!2sEdificio%20Cedesarrollo%20Comfenalco!5e0!3m2!1ses!2sco!4v1726287252707!5m2!1ses!2sco\" width=\"600\" height=\"450\" style=\"border:0;\" allowfullscreen=\"\" loading=\"lazy\" referrerpolicy=\"no-referrer-when-downgrade\"><\/iframe>\n","protected":false},"excerpt":{"rendered":"<p>Descripci\u00f3n En este taller se analizar\u00e1 la importancia de motivar el pensamiento cr\u00edtico durante la formaci\u00f3n de los futuros ingenieros. Para ello, los asistentes al taller conocer\u00e1n el Modelo de Pensamiento Cr\u00edtico que el Tecnol\u00f3gico Nacional de M\u00e9xico desarroll\u00f3 en 2024. Como aterrizaje pr\u00e1ctico, se realizar\u00e1n actividades de aplicaci\u00f3n empleando el pensamiento cr\u00edtico en estrategias [&hellip;]<\/p>\n","protected":false},"author":1,"featured_media":0,"parent":0,"menu_order":0,"comment_status":"closed","ping_status":"closed","template":"","meta":{"_acf_changed":false,"footnotes":""},"class_list":["post-935","page","type-page","status-publish","hentry"],"acf":[],"_links":{"self":[{"href":"https:\/\/acofi.edu.co\/eiei2024\/wp-json\/wp\/v2\/pages\/935","targetHints":{"allow":["GET"]}}],"collection":[{"href":"https:\/\/acofi.edu.co\/eiei2024\/wp-json\/wp\/v2\/pages"}],"about":[{"href":"https:\/\/acofi.edu.co\/eiei2024\/wp-json\/wp\/v2\/types\/page"}],"author":[{"embeddable":true,"href":"https:\/\/acofi.edu.co\/eiei2024\/wp-json\/wp\/v2\/users\/1"}],"replies":[{"embeddable":true,"href":"https:\/\/acofi.edu.co\/eiei2024\/wp-json\/wp\/v2\/comments?post=935"}],"version-history":[{"count":2,"href":"https:\/\/acofi.edu.co\/eiei2024\/wp-json\/wp\/v2\/pages\/935\/revisions"}],"predecessor-version":[{"id":938,"href":"https:\/\/acofi.edu.co\/eiei2024\/wp-json\/wp\/v2\/pages\/935\/revisions\/938"}],"wp:attachment":[{"href":"https:\/\/acofi.edu.co\/eiei2024\/wp-json\/wp\/v2\/media?parent=935"}],"curies":[{"name":"wp","href":"https:\/\/api.w.org\/{rel}","templated":true}]}}

Pensamiento crítico en la formación de ingenieros

<div class="wp-block-buttons is-content-justification-center is-layout-flex wp-container-core-buttons-is-layout-16018d1d wp-block-buttons-is-layout-flex">
<div class="wp-block-button has-custom-width wp-block-button__width-75"><a class="wp-block-button__link has-white-color has-vivid-red-background-color has-text-color has-background has-link-color wp-element-button" href="https://acofieventos.com.co/login" style="border-radius:0px"><strong>INSCRIBIRSE</strong></a></div>
</div>


<h2><br />Descripción</h2>
<p style="text-align: justify;">En este taller se analizará la importancia de motivar el <em>pensamiento crítico</em> durante la formación de los futuros ingenieros. Para ello, los asistentes al taller conocerán el Modelo de Pensamiento Crítico que el Tecnológico Nacional de México desarrolló en 2024. Como aterrizaje práctico, se realizarán actividades de aplicación empleando el pensamiento crítico en estrategias de aprendizaje activo.</p>
<h2>Motivación</h2>
<p style="text-align: justify;">En la formación en ingeniería es fundamental la motivación y el fortalecimiento de todas las habilidades de pensamiento que son requeridas para la problematización de la realidad y la búsqueda de soluciones. Estas habilidades comprenden la capacidad de <em>dialogar, </em>la capacidad de<em> escuchar de manera analítica, y </em>la <em>confianza para defender ideas propias</em>, entre otras.<br /><br />Gracias al pensamiento crítico, docentes, directivos y estudiantes aprenden a conocer o reconocer lo que saben y lo que no; esa conciencia les permite crear espacios donde se <em>confrontan </em>las ideas, y se construyen soluciones. La base del pensamiento crítico es el diálogo, y éste es la única vía de la innovación.</p>
<p> </p>


<h2 class="wp-block-heading">Agenda</h2>


<div class="wp-block-image">
<figure class="aligncenter size-full"><img loading="lazy" decoding="async" width="518" height="63" src="https://acofi.edu.co/eiei2024/wp-content/uploads/2024/09/Pensamiento-1.png" alt="" class="wp-image-936" srcset="https://acofi.edu.co/eiei2024/wp-content/uploads/2024/09/Pensamiento-1.png 518w, https://acofi.edu.co/eiei2024/wp-content/uploads/2024/09/Pensamiento-1-300x36.png 300w" sizes="auto, (max-width: 518px) 100vw, 518px" /></figure>
</div>


<h2 class="wp-block-heading">Aspectos logísticos</h2>



<ul class="wp-block-list">
<li>martes 24 de septiembre de 2024, 13:45 – 18:00 horas.</li>



<li>Fundación Universitaria Tecnológico Comfenalco, Edificio Cedesarrollo, salón D-402.</li>



<li>Número de participantes: 40.</li>



<li>Se solicita utilizar un número adecuado de diapositivas, evitando el uso de demasiado texto.</li>



<li>La jornada se enmarca en el contexto del título, la descripción y los objetivos del EIEI ACOFI 2024. Estos elementos solo tienen la pretensión de servir de marco para la libre reflexión.</li>



<li>Transporte: No.</li>
</ul>



<h2 class="wp-block-heading">Coordinación</h2>



<p>Adriana Castillo Rosas, Tecnológico Nacional de México Campus CIIDET</p>



<h2 class="wp-block-heading">Cómo llegar</h2>



<iframe src="https://www.google.com/maps/embed?pb=!1m18!1m12!1m3!1d1962.1019366877047!2d-75.5055571145782!3d10.405376300000006!2m3!1f0!2f0!3f0!3m2!1i1024!2i768!4f13.1!3m3!1m2!1s0x8ef625961908729f%3A0xf1b3792d83eed6e4!2sEdificio%20Cedesarrollo%20Comfenalco!5e0!3m2!1ses!2sco!4v1726287252707!5m2!1ses!2sco" width="600" height="450" style="border:0;" allowfullscreen="" loading="lazy" referrerpolicy="no-referrer-when-downgrade"></iframe>

<p>Descripción En este taller se analizará la importancia de motivar el pensamiento crítico durante la formación de los futuros ingenieros. Para ello, los asistentes al taller conocerán el Modelo de Pensamiento Crítico que el Tecnológico Nacional de México desarrolló en 2024. Como aterrizaje práctico, se realizarán actividades de aplicación empleando el pensamiento crítico en estrategias [&hellip;]</p>
