{"id":889,"date":"2024-09-14T03:18:12","date_gmt":"2024-09-14T03:18:12","guid":{"rendered":"https:\/\/acofi.edu.co\/eiei2024\/?page_id=889"},"modified":"2024-09-14T03:41:36","modified_gmt":"2024-09-14T03:41:36","slug":"calidad-del-agua-y-saneamiento-basico","status":"publish","type":"page","link":"https:\/\/acofi.edu.co\/eiei2024\/calidad-del-agua-y-saneamiento-basico\/","title":{"rendered":"Calidad del agua y saneamiento b\u00e1sico"},"content":{"rendered":"\n<div class=\"wp-block-buttons is-content-justification-center is-layout-flex wp-container-core-buttons-is-layout-16018d1d wp-block-buttons-is-layout-flex\">\n<div class=\"wp-block-button has-custom-width wp-block-button__width-75\"><a class=\"wp-block-button__link has-white-color has-vivid-red-background-color has-text-color has-background has-link-color wp-element-button\" href=\"https:\/\/acofieventos.com.co\/login\" style=\"border-radius:0px\"><strong>INSCRIBIRSE<\/strong><\/a><\/div>\n<\/div>\n\n\n<h2><br \/>Descripci\u00f3n<\/h2>\n<p>En esta jornada se presentar\u00e1n soluciones de ingenier\u00eda que garanticen:<\/p>\n<p style=\"padding-left: 80px;\">\u2022 La utilizaci\u00f3n adecuada del recurso h\u00eddrico en las fuentes, en el transporte y en el consumo (residencial, industrial).<br \/>\u2022 La eliminaci\u00f3n de residuos y aguas residuales que promuevan un ambiente limpio y sano.<\/p>\n<h2>Motivaci\u00f3n<\/h2>\n<p style=\"text-align: justify;\">Hablar de calidad del agua y de saneamiento b\u00e1sico es hablar de la vida. Esto expresa la Organizaci\u00f3n de Naciones Unidas<a href=\"#_ftn1\" name=\"_ftnref1\">[1]<\/a>:<br \/><br \/>El acceso al agua potable, el saneamiento y la higiene es un derecho humano. Las estrategias clave para encauzar este objetivo incluyen aumentar la inversi\u00f3n y la capacitaci\u00f3n en todo el sector, promover la innovaci\u00f3n y la acci\u00f3n a partir de pruebas, mejorar la coordinaci\u00f3n y la cooperaci\u00f3n intersectorial entre todas las partes interesadas y adoptar un enfoque m\u00e1s integrado y hol\u00edstico de la gesti\u00f3n del agua.<br \/><br \/>El agua es esencial no solo para la salud, sino tambi\u00e9n para reducir la pobreza, y garantizar la seguridad alimentaria, la paz, los derechos humanos, los ecosistemas y la educaci\u00f3n.<br \/>Sin embargo, los pa\u00edses se enfrentan a retos cada vez mayores relacionados con la escasez de agua, la contaminaci\u00f3n de las aguas, la degradaci\u00f3n de los ecosistemas relacionados con el agua y la cooperaci\u00f3n transfronteriza sobre el agua.<em><br \/><br \/><\/em>De la misma manera indica:<\/p>\n<p style=\"padding-left: 80px; text-align: justify;\">\u2022 A pesar de los grandes progresos, miles de millones de personas siguen sin tener acceso a agua potable, saneamiento e higiene. Alcanzar la cobertura universal para 2030 requerir\u00e1 un aumento sustancial de los actuales \u00edndices de progreso mundiales: seis veces para el agua potable, cinco para el saneamiento y tres para la higiene.<br \/><br \/>\u2022 La eficiencia en el uso del agua ha aumentado en un 9 %, pero el estr\u00e9s h\u00eddrico y la escasez de agua siguen siendo un motivo de preocupaci\u00f3n en muchas partes del mundo. En 2020, 2400 millones de personas viv\u00edan en pa\u00edses en los que se daba escasez de agua. A esos retos se suman los conflictos y el cambio clim\u00e1tico.<br \/><br \/>\u2022 Las estrategias clave para encauzar el Objetivo 6 incluyen aumentar la inversi\u00f3n y la capacitaci\u00f3n en todo el sector, promover la innovaci\u00f3n y la acci\u00f3n a partir de pruebas, mejorar la coordinaci\u00f3n y la cooperaci\u00f3n intersectorial entre todas las partes interesadas y adoptar un enfoque m\u00e1s integrado y hol\u00edstico de la gesti\u00f3n del agua.<br \/><br \/>\u2022 Solo el 0,5 % del agua de la Tierra es agua dulce aprovechable y accesible \u2013 Despertar ante la inminente crisis del agua, advierte un informe | Organizaci\u00f3n Meteorol\u00f3gica Mundial<br \/><br \/>\u2022 Limitar el calentamiento global a 1,5 \u00b0C, en lugar de 2 \u00b0C, reducir\u00eda a la mitad, aproximadamente, la proporci\u00f3n de la poblaci\u00f3n mundial que previsiblemente sufrir\u00e1 escasez de agua, aunque existe una considerable variabilidad entre las regiones. Cap\u00edtulo 8: Cambios en el ciclo del agua (p\u00e1g. 1063)<br \/><br \/>\u2022 Se prev\u00e9 que la poblaci\u00f3n urbana mundial que se enfrenta a la escasez de agua se duplique, pasando de 930 millones en 2016 a 1700-2400 millones de personas en 2050. Riesgo inminente de una crisis mundial del agua, advierte el Informe de las Naciones Unidas sobre el Desarrollo de los Recursos H\u00eddricos en el Mundo 2023 | UNESCO<br \/><br \/>\u2022 A pesar de los avances, en 2022 2200 millones de personas todav\u00eda carec\u00edan de servicios de agua potable gestionados de forma segura, 3500 millones carec\u00edan de servicios de saneamiento gestionados de forma segura y 2000 millones carec\u00edan de servicios de higiene b\u00e1sicos<br \/><br \/>\u2022 Las masas de agua superficial, como lagos, r\u00edos y embalses, est\u00e1n experimentando r\u00e1pidos cambios en todo el mundo, y una de cada cinco cuencas fluviales muestra grandes fluctuaciones de los niveles de agua superficial en los \u00faltimos 5 a\u00f1os<br \/><br \/>\u2022 En muchos pa\u00edses, la contaminaci\u00f3n del agua plantea un considerable desaf\u00edo para la salud humana y el medioambiente.<\/p>\n<p style=\"text-align: justify;\">A su vez, el Foro Econ\u00f3mico Mundial, manifiesta que:<\/p>\n<p style=\"text-align: justify; padding-left: 80px;\">El agua potable y limpia es esencial para la vida en la Tierra, las sociedades productivas y las econom\u00edas resilientes. La contaminaci\u00f3n del agua amenaza lagos, r\u00edos y oc\u00e9anos, as\u00ed como nuestros suelos y fuentes de agua subterr\u00e1nea. Los metales pesados \u200b\u200by los productos qu\u00edmicos t\u00f3xicos est\u00e1n degradando la calidad del agua y contaminando las fuentes de agua como resultado de la mala gesti\u00f3n del agua en la producci\u00f3n agr\u00edcola, el uso industrial y la infraestructura insuficiente para el tratamiento de aguas residuales. La contaminaci\u00f3n del agua es un problema compartido y mundial que requiere una acci\u00f3n colectiva localizada. <a href=\"#_ftn1\" name=\"_ftnref1\"><strong>[1]<\/strong><\/a><em><br \/><\/em><\/p>\n<p style=\"text-align: justify;\">Este mismo grupo expresa:<\/p>\n<p style=\"text-align: justify; padding-left: 80px;\">\u2026 si fracasamos en el tema del agua, fracasaremos en todos los ODS. \u00bfObjetivo 5, lograr la igualdad de g\u00e9nero? Las ni\u00f1as y las mujeres pasan 200 millones de horas al d\u00eda recogiendo agua en todo el mundo. \u00bfObjetivo 1 sobre la pobreza? Unos 1.100 millones de personas en todo el mundo carecen de acceso al agua. \u00bfObjetivo 4 sobre educaci\u00f3n de calidad? Alrededor del 31% de las escuelas del mundo carecen de acceso a agua potable y saneamiento adecuado.<\/p>\n<p style=\"text-align: justify;\">Estas referencias muestran la imperativa necesidad de persistir en el desarrollo de mejores pr\u00e1cticas en agua potable y saneamiento b\u00e1sico en beneficio de todos. La ingenier\u00eda es fundamental para lograrlo y es lo que se va a presentar en esta jornada.<\/p>\n<hr \/>\n<pre><a href=\"#_ftnref1\" name=\"_ftn1\">[1]<\/a> <a href=\"https:\/\/www.weforum.org\/agenda\/2024\/06\/why-clean-water-tech-is-essential-for-addressing-pollution-challenges-in-asia\/\">https:\/\/www.weforum.org\/agenda\/2024\/06\/why-clean-water-tech-is-essential-for-addressing-pollution-challenges-in-asia\/<\/a>, traducci\u00f3n libre.<br \/><br \/><br \/><\/pre>\n<h2 class=\"wp-block-heading\">Agenda<\/h2>\n<p>\u00a0<\/p>\n\n<div class=\"wp-block-image\">\n<figure class=\"aligncenter size-full\"><img loading=\"lazy\" decoding=\"async\" width=\"574\" height=\"195\" src=\"https:\/\/acofi.edu.co\/eiei2024\/wp-content\/uploads\/2024\/09\/Calidad-1.png\" alt=\"\" class=\"wp-image-890\" srcset=\"https:\/\/acofi.edu.co\/eiei2024\/wp-content\/uploads\/2024\/09\/Calidad-1.png 574w, https:\/\/acofi.edu.co\/eiei2024\/wp-content\/uploads\/2024\/09\/Calidad-1-300x102.png 300w\" sizes=\"auto, (max-width: 574px) 100vw, 574px\" \/><\/figure>\n<\/div>\n\n\n<h2 class=\"wp-block-heading\">Avances en investigaci\u00f3n<\/h2>\n\n\n<div class=\"wp-block-image\">\n<figure class=\"aligncenter size-full\"><img loading=\"lazy\" decoding=\"async\" width=\"619\" height=\"359\" src=\"https:\/\/acofi.edu.co\/eiei2024\/wp-content\/uploads\/2024\/09\/Calidad-2.png\" alt=\"\" class=\"wp-image-891\" srcset=\"https:\/\/acofi.edu.co\/eiei2024\/wp-content\/uploads\/2024\/09\/Calidad-2.png 619w, https:\/\/acofi.edu.co\/eiei2024\/wp-content\/uploads\/2024\/09\/Calidad-2-300x174.png 300w\" sizes=\"auto, (max-width: 619px) 100vw, 619px\" \/><\/figure>\n<\/div>\n\n\n<h2 class=\"wp-block-heading\">Aspectos log\u00edsticos<\/h2>\n\n\n\n<ul class=\"wp-block-list\">\n<li>martes 24 de septiembre de 2024, 13:45 \u2013 17:30 horas.<\/li>\n\n\n\n<li>Fundaci\u00f3n Universitaria Tecnol\u00f3gico Comfenalco, Edificio Cedesarrollo, Sal\u00f3n D-401 Sal\u00f3n D-401<\/li>\n\n\n\n<li>N\u00famero de participantes: 40.<\/li>\n\n\n\n<li>Se solicita a quienes tengan presentaciones, utilicen un n\u00famero adecuado de diapositivas, dado que el tiempo de exposici\u00f3n ser\u00e1 de m\u00e1ximo 12 minutos y tres minutos para comentarios y preguntas.<\/li>\n\n\n\n<li>Transporte: No<\/li>\n<\/ul>\n\n\n\n<h2 class=\"wp-block-heading\">Coordinaci\u00f3n<\/h2>\n\n\n\n<p>Lorena Echavez Baquero, Universidad Piloto de Colombia (Colombia)<\/p>\n\n\n\n<h2 class=\"wp-block-heading\">C\u00f3mo llegar<\/h2>\n\n\n\n<iframe src=\"https:\/\/www.google.com\/maps\/embed?pb=!1m14!1m8!1m3!1d31570891.225667328!2d-2.970703!3d15!3m2!1i1024!2i768!4f13.1!3m3!1m2!1s0x8ef625961908729f%3A0xf1b3792d83eed6e4!2sEdificio%20Cedesarrollo%20Comfenalco!5e0!3m2!1ses!2sco!4v1726284767468!5m2!1ses!2sco\" width=\"600\" height=\"450\" style=\"border:0;\" allowfullscreen=\"\" loading=\"lazy\" referrerpolicy=\"no-referrer-when-downgrade\"><\/iframe>\n","protected":false},"excerpt":{"rendered":"<p>Descripci\u00f3n En esta jornada se presentar\u00e1n soluciones de ingenier\u00eda que garanticen: \u2022 La utilizaci\u00f3n adecuada del recurso h\u00eddrico en las fuentes, en el transporte y en el consumo (residencial, industrial).\u2022 La eliminaci\u00f3n de residuos y aguas residuales que promuevan un ambiente limpio y sano. Motivaci\u00f3n Hablar de calidad del agua y de saneamiento b\u00e1sico es [&hellip;]<\/p>\n","protected":false},"author":1,"featured_media":0,"parent":0,"menu_order":0,"comment_status":"closed","ping_status":"closed","template":"","meta":{"_acf_changed":false,"footnotes":""},"class_list":["post-889","page","type-page","status-publish","hentry"],"acf":[],"_links":{"self":[{"href":"https:\/\/acofi.edu.co\/eiei2024\/wp-json\/wp\/v2\/pages\/889","targetHints":{"allow":["GET"]}}],"collection":[{"href":"https:\/\/acofi.edu.co\/eiei2024\/wp-json\/wp\/v2\/pages"}],"about":[{"href":"https:\/\/acofi.edu.co\/eiei2024\/wp-json\/wp\/v2\/types\/page"}],"author":[{"embeddable":true,"href":"https:\/\/acofi.edu.co\/eiei2024\/wp-json\/wp\/v2\/users\/1"}],"replies":[{"embeddable":true,"href":"https:\/\/acofi.edu.co\/eiei2024\/wp-json\/wp\/v2\/comments?post=889"}],"version-history":[{"count":11,"href":"https:\/\/acofi.edu.co\/eiei2024\/wp-json\/wp\/v2\/pages\/889\/revisions"}],"predecessor-version":[{"id":912,"href":"https:\/\/acofi.edu.co\/eiei2024\/wp-json\/wp\/v2\/pages\/889\/revisions\/912"}],"wp:attachment":[{"href":"https:\/\/acofi.edu.co\/eiei2024\/wp-json\/wp\/v2\/media?parent=889"}],"curies":[{"name":"wp","href":"https:\/\/api.w.org\/{rel}","templated":true}]}}