{"id":29,"date":"2023-11-23T21:37:04","date_gmt":"2023-11-23T21:37:04","guid":{"rendered":"http:\/\/acofi.edu.co\/eiei2024\/?page_id=29"},"modified":"2024-07-04T20:42:51","modified_gmt":"2024-07-04T20:42:51","slug":"buenas-practicas-sobre-internacionalizacion-del-curriculo","status":"publish","type":"page","link":"https:\/\/acofi.edu.co\/eiei2024\/informacion-academica\/categorias-de-participacion\/buenas-practicas-sobre-internacionalizacion-del-curriculo\/","title":{"rendered":"Buenas pr\u00e1cticas sobre internacionalizaci\u00f3n del curr\u00edculo"},"content":{"rendered":"\n<p>Con el prop\u00f3sito de orientar las acciones de internacionalizaci\u00f3n de las facultades y las instituciones de educaci\u00f3n superior, es importante:<\/p>\n\n\n\n<ol class=\"wp-block-list\" style=\"list-style-type:lower-alpha\">\n<li>mejorar la visibilidad y la proyecci\u00f3n internacional de las instituciones de educaci\u00f3n superior<\/li>\n\n\n\n<li>fortalecer la educaci\u00f3n internacional y sus actividades,<\/li>\n\n\n\n<li><em><\/em>contar con estrategias de atracci\u00f3n de estudiantes, docentes e investigadores extranjeros<em><\/em><\/li>\n<\/ol>\n\n\n\n<p><em>Para lograrlo es necesario contar con estrategias que involucren el curr\u00edculo, buscando promover la reflexi\u00f3n interna sobre su constante actualizaci\u00f3n y renovaci\u00f3n, teniendo en cuenta elementos como la internacionalizaci\u00f3n de la investigaci\u00f3n y de la extensi\u00f3n y la proyecci\u00f3n social, acompa\u00f1adas por una gesti\u00f3n estrat\u00e9gica de las relaciones externas y con la visi\u00f3n de proyecci\u00f3n internacional de los programas.<\/em><\/p>\n\n\n\n<h3 class=\"wp-block-heading\"><em>Objetivo<\/em><em><\/em><\/h3>\n\n\n\n<p>Socializar experiencias e iniciativas de las facultades, escuelas, programas de ingenier\u00eda, asociadas a las buenas pr\u00e1cticas sobre internacionalizaci\u00f3n del curr\u00edculo.<\/p>\n\n\n\n<h3 class=\"wp-block-heading\"><em>Metodolog\u00eda<\/em><em><\/em><\/h3>\n\n\n\n<p>Los trabajos ser\u00e1n expuestos <strong>en forma oral y en p\u00f3ster<\/strong>. Los trabajos seleccionados se expondr\u00e1n de forma oral en una jornada acad\u00e9mica el d\u00eda 24 de septiembre y con un taller pr\u00e1ctico sobre el tema. La exhibici\u00f3n como p\u00f3steres ser\u00e1 los d\u00edas 25, 26 y 27 de septiembre.<\/p>\n\n\n\n<h3 class=\"wp-block-heading\"><em>C\u00f3mo enviar su resumen<\/em><em><\/em><\/h3>\n\n\n\n<p>Los trabajos seleccionados deber\u00e1n anexar el dise\u00f1o de un p\u00f3ster que contenga los aspectos m\u00e1s relevantes de la experiencia.<br><br>Esta propuesta se orienta a lograr una mejor interacci\u00f3n y contar con elementos pr\u00e1cticos para la jornada de presentaci\u00f3n de las experiencias.<br><br>En el sitio web del evento,&nbsp;<a href=\"https:\/\/www.acofi.edu.co\/eiei2023\/\">acofi.edu.co\/eiei2024\/<\/a> se detallan las condiciones para presentar los res\u00famenes, trabajos y p\u00f3steres.<\/p>\n\n\n\n<h3 class=\"wp-block-heading\"><em>Dirigida a<\/em><em><\/em><\/h3>\n\n\n\n<ul class=\"wp-block-list\">\n<li>Grupos de investigaci\u00f3n de facultades, escuelas o programas de ingenier\u00eda.<\/li>\n\n\n\n<li>Grupos de trabajo alrededor del trabajo en ciencias b\u00e1sicas en ingenier\u00eda.<\/li>\n\n\n\n<li>Directivos, profesores, estudiantes y personal administrativo de las facultades, escuelas o programas de ingenier\u00eda.<\/li>\n<\/ul>\n\n\n\n<h2 class=\"wp-block-heading\">C\u00f3mo enviar su resumen<\/h2>\n\n\n\n<p><strong>*Se recomienda que este proceso lo realice el autor principal del trabajo, pues quien inicia el proceso es el \u00fanico contacto entre ACOFI y el trabajo a presentar.<br>**Es obligatorio incluir a todos los autores del trabajo en la plataforma acofipapers. Despu\u00e9s de subido el resumen no se pueden hacer modificaciones y no se permitir\u00e1 la adici\u00f3n o sustracci\u00f3n de autores despu\u00e9s de comenzado el proceso.<\/strong><\/p>\n\n\n\n<div data-wp-interactive=\"core\/file\" class=\"wp-block-file\"><object data-wp-bind--hidden=\"!state.hasPdfPreview\" hidden class=\"wp-block-file__embed\" data=\"https:\/\/acofi.edu.co\/eiei2024\/wp-content\/uploads\/2023\/11\/Instructivo-para-subir-resumen-2024-5.pdf\" type=\"application\/pdf\" style=\"width:100%;height:600px\" aria-label=\"Incrustado de Instructivo-para-subir-resumen-2024-5.\"><\/object><a id=\"wp-block-file--media-33fdf72c-66f2-4c5a-b814-a537f4ebf43c\" href=\"https:\/\/acofi.edu.co\/eiei2024\/wp-content\/uploads\/2023\/11\/Instructivo-para-subir-resumen-2024-5.pdf\">Instructivo-para-subir-resumen-2024-5<\/a><a href=\"https:\/\/acofi.edu.co\/eiei2024\/wp-content\/uploads\/2023\/11\/Instructivo-para-subir-resumen-2024-5.pdf\" class=\"wp-block-file__button wp-element-button\" download aria-describedby=\"wp-block-file--media-33fdf72c-66f2-4c5a-b814-a537f4ebf43c\">Descargar<\/a><\/div>\n\n\n\n<h2 class=\"wp-block-heading\">Importante<\/h2>\n\n\n\n<ul class=\"wp-block-list\">\n<li>Para que un trabajo sea publicado en las memorias del EIEI ACOFI 2024, en cualquiera de las categor\u00edas previstas (ense\u00f1anza de la ingenier\u00eda, avances en investigaci\u00f3n, estudiantes de pregrado y estudiantes de doctorado), uno de los autores debe pagar la inscripci\u00f3n, teniendo como fecha m\u00e1xima el 2 de agosto de 2024. Una misma inscripci\u00f3n cubrir\u00e1 m\u00e1ximo dos trabajos.<\/li>\n\n\n\n<li>Un mismo autor podr\u00e1 participar en m\u00e1ximo tres trabajos y se aceptar\u00e1n como m\u00e1ximo cinco autores por trabajo.<\/li>\n\n\n\n<li>Hacer buen uso de las may\u00fasculas. El t\u00edtulo del resumen enviado no debe estar en may\u00fasculas sostenidas.<\/li>\n\n\n\n<li>El campo <em>Afiliaci\u00f3n<\/em> dentro de <em>acofipapers<\/em> hace referencia a la instituci\u00f3n a la cual pertenece usted como usuario (autor).<\/li>\n\n\n\n<li>El plazo m\u00e1ximo permitido para editar el t\u00edtulo, los autores o algo relacionado del trabajo es el 12 de abril de 2024, despu\u00e9s de esta fecha no se permite ning\u00fan tipo de ajuste o adici\u00f3n.  <\/li>\n<\/ul>\n\n\n\n<h2 class=\"wp-block-heading\">Cronograma de actividades<\/h2>\n\n\n\n<figure class=\"wp-block-image size-large\"><img loading=\"lazy\" decoding=\"async\" width=\"1024\" height=\"564\" src=\"https:\/\/acofi.edu.co\/eiei2024\/wp-content\/uploads\/2023\/11\/EIEI-5-1024x564.png\" alt=\"\" class=\"wp-image-116\" srcset=\"https:\/\/acofi.edu.co\/eiei2024\/wp-content\/uploads\/2023\/11\/EIEI-5-1024x564.png 1024w, https:\/\/acofi.edu.co\/eiei2024\/wp-content\/uploads\/2023\/11\/EIEI-5-300x165.png 300w, https:\/\/acofi.edu.co\/eiei2024\/wp-content\/uploads\/2023\/11\/EIEI-5-768x423.png 768w, https:\/\/acofi.edu.co\/eiei2024\/wp-content\/uploads\/2023\/11\/EIEI-5.png 1199w\" sizes=\"auto, (max-width: 1024px) 100vw, 1024px\" \/><\/figure>\n","protected":false},"excerpt":{"rendered":"<p>Con el prop\u00f3sito de orientar las acciones de internacionalizaci\u00f3n de las facultades y las instituciones de educaci\u00f3n superior, es importante: Para lograrlo es necesario contar con estrategias que involucren el curr\u00edculo, buscando promover la reflexi\u00f3n interna sobre su constante actualizaci\u00f3n y renovaci\u00f3n, teniendo en cuenta elementos como la internacionalizaci\u00f3n de la investigaci\u00f3n y de la [&hellip;]<\/p>\n","protected":false},"author":1,"featured_media":0,"parent":19,"menu_order":0,"comment_status":"closed","ping_status":"closed","template":"","meta":{"_acf_changed":false,"footnotes":""},"class_list":["post-29","page","type-page","status-publish","hentry"],"acf":[],"_links":{"self":[{"href":"https:\/\/acofi.edu.co\/eiei2024\/wp-json\/wp\/v2\/pages\/29","targetHints":{"allow":["GET"]}}],"collection":[{"href":"https:\/\/acofi.edu.co\/eiei2024\/wp-json\/wp\/v2\/pages"}],"about":[{"href":"https:\/\/acofi.edu.co\/eiei2024\/wp-json\/wp\/v2\/types\/page"}],"author":[{"embeddable":true,"href":"https:\/\/acofi.edu.co\/eiei2024\/wp-json\/wp\/v2\/users\/1"}],"replies":[{"embeddable":true,"href":"https:\/\/acofi.edu.co\/eiei2024\/wp-json\/wp\/v2\/comments?post=29"}],"version-history":[{"count":8,"href":"https:\/\/acofi.edu.co\/eiei2024\/wp-json\/wp\/v2\/pages\/29\/revisions"}],"predecessor-version":[{"id":532,"href":"https:\/\/acofi.edu.co\/eiei2024\/wp-json\/wp\/v2\/pages\/29\/revisions\/532"}],"up":[{"embeddable":true,"href":"https:\/\/acofi.edu.co\/eiei2024\/wp-json\/wp\/v2\/pages\/19"}],"wp:attachment":[{"href":"https:\/\/acofi.edu.co\/eiei2024\/wp-json\/wp\/v2\/media?parent=29"}],"curies":[{"name":"wp","href":"https:\/\/api.w.org\/{rel}","templated":true}]}}