{"id":803,"date":"2023-08-31T23:49:25","date_gmt":"2023-08-31T23:49:25","guid":{"rendered":"https:\/\/acofi.edu.co\/eiei2023\/?page_id=803"},"modified":"2023-09-14T14:06:55","modified_gmt":"2023-09-14T14:06:55","slug":"jornada-ciencias-basicas-en-ingenieria","status":"publish","type":"page","link":"https:\/\/acofi.edu.co\/eiei2023\/informacion-academica\/jornada-ciencias-basicas-en-ingenieria\/","title":{"rendered":"Jornada Ciencias B\u00e1sicas en Ingenier\u00eda"},"content":{"rendered":"\n<h2 class=\"wp-block-heading\"><strong>Descripci\u00f3n<\/strong><\/h2>\n\n\n\n<p>En esta jornada se presentar\u00e1n aportes de como desde diferentes instituciones se analiza la ense\u00f1anza de las matem\u00e1ticas y las ciencias naturales en ingenier\u00eda, ratificando su importancia y dan valor agregado para la competitividad profesional.<\/p>\n\n\n\n<h2 class=\"wp-block-heading\"><strong>Motivaci\u00f3n<\/strong><\/h2>\n\n\n\n<p>Es posible afirmar que, en el proceso de formaci\u00f3n en ingenier\u00eda, las ciencias b\u00e1sicas son fundamentales para modelar desde una base cient\u00edfica para la mejor toma de decisiones, para concebir, analizar, dise\u00f1ar, implementar, operar y evaluar los proyectos de cada disciplina.<br><br>Es preciso indicar tambi\u00e9n que puede haber variaciones por la disciplina de la ingenier\u00eda para la cual se imparte, pero eso no debe eliminar su rigurosidad, teniendo plenamente claros sus fundamentos y las posibilidades de aplicaci\u00f3n para las diferentes carreras.<\/p>\n\n\n\n<h2 class=\"wp-block-heading\"><strong>Agenda<\/strong><\/h2>\n\n\n\n<figure class=\"wp-block-image size-full\"><img loading=\"lazy\" decoding=\"async\" width=\"700\" height=\"250\" src=\"https:\/\/acofi.edu.co\/eiei2023\/wp-content\/uploads\/2023\/08\/Agenda-Ciencias.jpg\" alt=\"\" class=\"wp-image-808\" srcset=\"https:\/\/acofi.edu.co\/eiei2023\/wp-content\/uploads\/2023\/08\/Agenda-Ciencias.jpg 700w, https:\/\/acofi.edu.co\/eiei2023\/wp-content\/uploads\/2023\/08\/Agenda-Ciencias-300x107.jpg 300w\" sizes=\"auto, (max-width: 700px) 100vw, 700px\" \/><\/figure>\n\n\n\n<h2 class=\"wp-block-heading\"><strong>Trabajos<\/strong><\/h2>\n\n\n\n<figure class=\"wp-block-image size-full\"><img loading=\"lazy\" decoding=\"async\" width=\"720\" height=\"486\" src=\"https:\/\/acofi.edu.co\/eiei2023\/wp-content\/uploads\/2023\/08\/Trabajos-Ciencias.jpg\" alt=\"\" class=\"wp-image-809\" srcset=\"https:\/\/acofi.edu.co\/eiei2023\/wp-content\/uploads\/2023\/08\/Trabajos-Ciencias.jpg 720w, https:\/\/acofi.edu.co\/eiei2023\/wp-content\/uploads\/2023\/08\/Trabajos-Ciencias-300x203.jpg 300w\" sizes=\"auto, (max-width: 720px) 100vw, 720px\" \/><\/figure>\n\n\n\n<h2 class=\"wp-block-heading\"><strong>Coordinaci\u00f3n<\/strong><\/h2>\n\n\n\n<p><strong>Luis Gustavo Cabral<\/strong>, CIIDET (M\u00e9xico)<\/p>\n\n\n\n<h2 class=\"wp-block-heading\"><strong>Aspectos log\u00edsticos<\/strong><\/h2>\n\n\n\n<ul class=\"wp-block-list\">\n<li>Fecha y horario: martes 19 de septiembre de 2023, 08:45 \u2013 17:00 horas.<\/li>\n\n\n\n<li>Idioma: espa\u00f1ol.<\/li>\n\n\n\n<li>Lugar: Fundaci\u00f3n Universitaria los Libertadores<\/li>\n\n\n\n<li>N\u00famero de participantes: 30<\/li>\n\n\n\n<li>Se solicita a quienes tengan presentaciones, utilicen un n\u00famero adecuado de diapositivas, dado que el tiempo de exposici\u00f3n ser\u00e1 de m\u00e1ximo 12 minutos y tres minutos para comentarios y preguntas.<\/li>\n<\/ul>\n\n\n\n<h2 class=\"wp-block-heading\"><strong>C\u00f3mo llegar<\/strong><\/h2>\n\n\n\n<iframe src=\"https:\/\/www.google.com\/maps\/embed?pb=!1m18!1m12!1m3!1d1649.838686062088!2d-75.53486006414761!3d10.42159556416657!2m3!1f0!2f0!3f0!3m2!1i1024!2i768!4f13.1!3m3!1m2!1s0x8ef62f78a7f37069%3A0x56b4c2be400bfdde!2sFundaci%C3%B3n%20Universitaria%20Los%20Libertadores%20Sede%20Cartagena!5e0!3m2!1ses!2sco!4v1693525991776!5m2!1ses!2sco\" width=\"600\" height=\"450\" style=\"border:0;\" allowfullscreen=\"\" loading=\"lazy\" referrerpolicy=\"no-referrer-when-downgrade\"><\/iframe>\n\n\n\n<h2 class=\"wp-block-heading\"><strong><strong>CUPO COMPLETADO<\/strong><\/strong><\/h2>\n","protected":false},"excerpt":{"rendered":"<p>Descripci\u00f3n En esta jornada se presentar\u00e1n aportes de como desde diferentes instituciones se analiza la ense\u00f1anza de las matem\u00e1ticas y las ciencias naturales en ingenier\u00eda, ratificando su importancia y dan valor agregado para la competitividad profesional. Motivaci\u00f3n Es posible afirmar que, en el proceso de formaci\u00f3n en ingenier\u00eda, las ciencias b\u00e1sicas son fundamentales para modelar [&hellip;]<\/p>\n","protected":false},"author":1,"featured_media":0,"parent":15,"menu_order":0,"comment_status":"closed","ping_status":"closed","template":"","meta":{"_acf_changed":false,"footnotes":""},"class_list":["post-803","page","type-page","status-publish","hentry"],"acf":[],"_links":{"self":[{"href":"https:\/\/acofi.edu.co\/eiei2023\/wp-json\/wp\/v2\/pages\/803","targetHints":{"allow":["GET"]}}],"collection":[{"href":"https:\/\/acofi.edu.co\/eiei2023\/wp-json\/wp\/v2\/pages"}],"about":[{"href":"https:\/\/acofi.edu.co\/eiei2023\/wp-json\/wp\/v2\/types\/page"}],"author":[{"embeddable":true,"href":"https:\/\/acofi.edu.co\/eiei2023\/wp-json\/wp\/v2\/users\/1"}],"replies":[{"embeddable":true,"href":"https:\/\/acofi.edu.co\/eiei2023\/wp-json\/wp\/v2\/comments?post=803"}],"version-history":[{"count":5,"href":"https:\/\/acofi.edu.co\/eiei2023\/wp-json\/wp\/v2\/pages\/803\/revisions"}],"predecessor-version":[{"id":1259,"href":"https:\/\/acofi.edu.co\/eiei2023\/wp-json\/wp\/v2\/pages\/803\/revisions\/1259"}],"up":[{"embeddable":true,"href":"https:\/\/acofi.edu.co\/eiei2023\/wp-json\/wp\/v2\/pages\/15"}],"wp:attachment":[{"href":"https:\/\/acofi.edu.co\/eiei2023\/wp-json\/wp\/v2\/media?parent=803"}],"curies":[{"name":"wp","href":"https:\/\/api.w.org\/{rel}","templated":true}]}}