{"id":740,"date":"2023-08-31T22:32:13","date_gmt":"2023-08-31T22:32:13","guid":{"rendered":"https:\/\/acofi.edu.co\/eiei2023\/?page_id=740"},"modified":"2023-09-14T14:06:17","modified_gmt":"2023-09-14T14:06:17","slug":"agenda-energia-transicion-eficiencia-y-seguridad-a","status":"publish","type":"page","link":"https:\/\/acofi.edu.co\/eiei2023\/informacion-academica\/jornada-avances-en-investigacion\/energia-transicion-eficiencia-y-seguridad\/agenda-energia-transicion-eficiencia-y-seguridad-a\/","title":{"rendered":"Agenda Energ\u00eda: transici\u00f3n, eficiencia y seguridad A"},"content":{"rendered":"\n<h2 class=\"wp-block-heading\">Agenda<\/h2>\n\n\n\n<figure class=\"wp-block-image size-full\"><img loading=\"lazy\" decoding=\"async\" width=\"700\" height=\"320\" src=\"https:\/\/acofi.edu.co\/eiei2023\/wp-content\/uploads\/2023\/08\/Agenda-Energia_A.jpg\" alt=\"\" class=\"wp-image-747\" srcset=\"https:\/\/acofi.edu.co\/eiei2023\/wp-content\/uploads\/2023\/08\/Agenda-Energia_A.jpg 700w, https:\/\/acofi.edu.co\/eiei2023\/wp-content\/uploads\/2023\/08\/Agenda-Energia_A-300x137.jpg 300w\" sizes=\"auto, (max-width: 700px) 100vw, 700px\" \/><\/figure>\n\n\n\n<h2 class=\"wp-block-heading\">Avances en investigaci\u00f3n<\/h2>\n\n\n\n<figure class=\"wp-block-image size-full\"><img loading=\"lazy\" decoding=\"async\" width=\"700\" height=\"586\" src=\"https:\/\/acofi.edu.co\/eiei2023\/wp-content\/uploads\/2023\/08\/Avances-Energia_A.jpg\" alt=\"\" class=\"wp-image-748\" srcset=\"https:\/\/acofi.edu.co\/eiei2023\/wp-content\/uploads\/2023\/08\/Avances-Energia_A.jpg 700w, https:\/\/acofi.edu.co\/eiei2023\/wp-content\/uploads\/2023\/08\/Avances-Energia_A-300x251.jpg 300w\" sizes=\"auto, (max-width: 700px) 100vw, 700px\" \/><\/figure>\n\n\n\n<h2 class=\"wp-block-heading\">Coordinaci\u00f3n<\/h2>\n\n\n\n<p><strong>Alejandra Gonz\u00e1lez<\/strong>, Pontificia Universidad Javeriana (Colombia)<\/p>\n\n\n\n<h2 class=\"wp-block-heading\">Aspectos Log\u00edsticos<\/h2>\n\n\n\n<ul class=\"wp-block-list\">\n<li>Fecha y horario: martes 19 de septiembre de 2023, 08:45 \u2013 16:00 horas.<\/li>\n\n\n\n<li>Idioma: espa\u00f1ol.<\/li>\n\n\n\n<li>Lugar: Fundaci\u00f3n Universitaria los Libertadores, Cartagena.<\/li>\n\n\n\n<li>N\u00famero de participantes: 30.<\/li>\n<\/ul>\n\n\n\n<h2 class=\"wp-block-heading\">C\u00f3mo llegar<\/h2>\n\n\n\n<iframe src=\"https:\/\/www.google.com\/maps\/embed?pb=!1m18!1m12!1m3!1d3924.00269347248!2d-75.53692012425049!3d10.421360065641194!2m3!1f0!2f0!3f0!3m2!1i1024!2i768!4f13.1!3m3!1m2!1s0x8ef62f78a7f37069%3A0x56b4c2be400bfdde!2sFundaci%C3%B3n%20Universitaria%20Los%20Libertadores%20Sede%20Cartagena!5e0!3m2!1ses!2sco!4v1693521837768!5m2!1ses!2sco\" width=\"600\" height=\"450\" style=\"border:0;\" allowfullscreen=\"\" loading=\"lazy\" referrerpolicy=\"no-referrer-when-downgrade\"><\/iframe>\n\n\n\n<h2 class=\"wp-block-heading\"><strong><strong>CUPO COMPLETADO<\/strong><\/strong><\/h2>\n","protected":false},"excerpt":{"rendered":"<p>Agenda Avances en investigaci\u00f3n Coordinaci\u00f3n Alejandra Gonz\u00e1lez, Pontificia Universidad Javeriana (Colombia) Aspectos Log\u00edsticos C\u00f3mo llegar CUPO COMPLETADO<\/p>\n","protected":false},"author":1,"featured_media":0,"parent":734,"menu_order":0,"comment_status":"closed","ping_status":"closed","template":"","meta":{"_acf_changed":false,"footnotes":""},"class_list":["post-740","page","type-page","status-publish","hentry"],"acf":[],"_links":{"self":[{"href":"https:\/\/acofi.edu.co\/eiei2023\/wp-json\/wp\/v2\/pages\/740","targetHints":{"allow":["GET"]}}],"collection":[{"href":"https:\/\/acofi.edu.co\/eiei2023\/wp-json\/wp\/v2\/pages"}],"about":[{"href":"https:\/\/acofi.edu.co\/eiei2023\/wp-json\/wp\/v2\/types\/page"}],"author":[{"embeddable":true,"href":"https:\/\/acofi.edu.co\/eiei2023\/wp-json\/wp\/v2\/users\/1"}],"replies":[{"embeddable":true,"href":"https:\/\/acofi.edu.co\/eiei2023\/wp-json\/wp\/v2\/comments?post=740"}],"version-history":[{"count":5,"href":"https:\/\/acofi.edu.co\/eiei2023\/wp-json\/wp\/v2\/pages\/740\/revisions"}],"predecessor-version":[{"id":1256,"href":"https:\/\/acofi.edu.co\/eiei2023\/wp-json\/wp\/v2\/pages\/740\/revisions\/1256"}],"up":[{"embeddable":true,"href":"https:\/\/acofi.edu.co\/eiei2023\/wp-json\/wp\/v2\/pages\/734"}],"wp:attachment":[{"href":"https:\/\/acofi.edu.co\/eiei2023\/wp-json\/wp\/v2\/media?parent=740"}],"curies":[{"name":"wp","href":"https:\/\/api.w.org\/{rel}","templated":true}]}}