{"id":691,"date":"2023-08-31T15:25:56","date_gmt":"2023-08-31T15:25:56","guid":{"rendered":"https:\/\/acofi.edu.co\/eiei2023\/?page_id=691"},"modified":"2023-09-06T13:19:28","modified_gmt":"2023-09-06T13:19:28","slug":"calidad-del-agua-y-saneamiento-basico","status":"publish","type":"page","link":"https:\/\/acofi.edu.co\/eiei2023\/informacion-academica\/jornada-avances-en-investigacion\/calidad-del-agua-y-saneamiento-basico\/","title":{"rendered":"Calidad del agua y saneamiento b\u00e1sico"},"content":{"rendered":"\n<h2 class=\"wp-block-heading\"><strong>Descripci\u00f3n<\/strong><\/h2>\n\n\n\n<p>En esta jornada se presentar\u00e1n soluciones de ingenier\u00eda que garanticen:<\/p>\n\n\n\n<ul class=\"wp-block-list\">\n<li>La utilizaci\u00f3n adecuada del recurso h\u00eddrico en las fuentes, en el transporte y en el consumo (residencial, industrial).<\/li>\n\n\n\n<li>La eliminaci\u00f3n de residuos y aguas residuales que promuevan un ambiente limpio y sano.<\/li>\n<\/ul>\n\n\n\n<h2 class=\"wp-block-heading\"><strong>Motivaci\u00f3n<\/strong><\/h2>\n\n\n\n<p>Hablar de calidad del agua y de saneamiento b\u00e1sico es hablar de la vida. Esto expresa la Organizaci\u00f3n Panamericana de la Salud:<\/p>\n\n\n\n<ul class=\"wp-block-list\">\n<li>El acceso a servicios inadecuados de agua, saneamiento e higiene tienen consecuencias importantes para asegurar la salud o la enfermedad de una poblaci\u00f3n.<\/li>\n\n\n\n<li>Las enfermedades causadas por el uso del agua est\u00e1n relacionadas con la presencia de microrganismos y sustancias qu\u00edmicas presentes en el agua de consumo. Entre ellas se puede citar la malnutrici\u00f3n, las enfermedades desatendidas, la diarrea, las intoxicaciones, entre otras. &nbsp;<\/li>\n\n\n\n<li>Aproximadamente 7.600 ni\u00f1os menores de 5 a\u00f1os mueren anualmente por enfermedades diarreicas en la Regi\u00f3n. Los pa\u00edses, con mayores porcentajes de mortalidad por diarrea en ni\u00f1os menores de 5 a\u00f1os son: Hait\u00ed (23%), Guatemala (10%), Bolivia (7%) y Venezuela (5%).<a id=\"_ftnref1\" href=\"#_ftn1\"><strong>[1]<\/strong><\/a><\/li>\n<\/ul>\n\n\n\n<p>De la misma manera indica:<\/p>\n\n\n\n<ul class=\"wp-block-list\">\n<li>Los d\u00e9ficits en cuanto a cobertura y calidad de los servicios tienden a concentrarse en los grupos de bajos ingresos, grupos vulnerables y poblaciones rurales. A esta situaci\u00f3n, se suma la carencia de acceso de servicios adecuados de agua, saneamiento e higiene en Establecimientos de Salud.<\/li>\n\n\n\n<li>El clima y otros cambios ambientales son algunos de los principales factores para que aparecieran o reaparecieran enfermedades transmitidas por vectores (ETV). Estos factores pueden expandir la distribuci\u00f3n geogr\u00e1fica de las mismas y extender&nbsp;la temporada de transmisi\u00f3n, con lo que influyen en la morbilidad y mortalidad de estas enfermedades.<\/li>\n\n\n\n<li>Considerando c\u00f3mo influyen los determinantes ambientales en la incidencia de enfermedades vectoriales, ser\u00e1 necesario incorporar enfoques multisectoriales e integrales en las estrategias de vigilancia y control de vectores. Este mismo enfoque debe ser implementado en el abordaje de las enfermedades infecciosas desatendidas.<\/li>\n\n\n\n<li>En los pa\u00edses de la regi\u00f3n de las Am\u00e9ricas, la calidad del agua es un factor limitante del acceso a un servicio gestionado de forma segura. Los sistemas de vigilancia de calidad del agua a\u00fan no registran, como deber\u00edan, el indicador asociado a los ODS 6.1: \u201ccalidad de agua libre de contaminantes microbiol\u00f3gicos y qu\u00edmicos (prioritariamente ars\u00e9nico y fl\u00faor)\u201d.<\/li>\n\n\n\n<li>El saneamiento es un determinante importante de la Desnutrici\u00f3n Cr\u00f3nica Infantil; no obstante, es el servicio que menor avance ha tenido en los \u00faltimos 10 a\u00f1os en la regi\u00f3n, registrando una diferencia de 43 puntos porcentuales entre la poblaci\u00f3n con acceso a&nbsp;agua&nbsp;gestionada de forma segura y poblaci\u00f3n con&nbsp;saneamiento&nbsp;gestionado de forma segura.<a id=\"_ftnref2\" href=\"#_ftn2\"><strong>[2]<\/strong><\/a><\/li>\n<\/ul>\n\n\n\n<p class=\"has-medium-font-size\">De la misma manera, el Foro Econ\u00f3mico Mundial, manifiesta que:<\/p>\n\n\n\n<p class=\"has-small-font-size\"><br>\u2026 hace falta un 1% del PIB mundial para garantizar la disponibilidad de agua y saneamiento para todos. Lo m\u00e1s caro es paliar la escasez, seg\u00fan el an\u00e1lisis de la organizaci\u00f3n World Resources Institute, pues se prev\u00e9 que en el a\u00f1o 2030 la demanda sobrepase en 2.680 kil\u00f3metros c\u00fabicos las posibilidades planetarias.<br><br>Un informe publicado por el World Resources Institute (WRI) concluye que solucionar el problema mundial del agua, que incluye la escasez, el desigual acceso a agua potable y la contaminaci\u00f3n, solamente requiere una inversi\u00f3n anual de 1,04 billones de d\u00f3lares americanos hasta 2030 (que, por persona, ser\u00edan 29 centavos cada d\u00eda).<br><br>Con esa suma, inferior al 1% del PIB global, el mundo podr\u00eda llegar a cumplir a tiempo el ODS6 (el Objetivo de Desarrollo Sostenible de Naciones Unidas que busca tener en 2030 agua limpia y saneamiento para todos y una gesti\u00f3n sostenible de los recursos), aseguran desde el WRI.<br><br>Del total, que incluye asegurar el acceso universal, revertir la contaminaci\u00f3n y garantizar el funcionamiento de los ecosistemas, lo m\u00e1s caro es acabar con la escasez, pues se prev\u00e9 que en el a\u00f1o 2030 la demanda sobrepase, con mucho, la capacidad de suministro. En concreto, el WRI augura que en 2030 la poblaci\u00f3n mundial requerir\u00e1 2.680 kil\u00f3metros c\u00fabicos por encima de las posibilidades planetarias.<a id=\"_ftnref3\" href=\"#_ftn3\"><strong>[3]<\/strong><\/a><br><\/p>\n\n\n\n<p>Estas referencias muestran la imperativa necesidad de persistir en el desarrollo de mejores pr\u00e1cticas en agua potable y saneamiento b\u00e1sico en beneficio de todos. La ingenier\u00eda tiene un papel fundamental para lograrlo y es lo que se va a presentar en esta jornada.<\/p>\n\n\n\n<h2 class=\"wp-block-heading\"><strong>Nota importante<\/strong><\/h2>\n\n\n\n<p>Para el tema <em>Calidad del agua y saneamiento b\u00e1sico<\/em> habr\u00e1 dos agendas separadas en dos salones diferentes. <br>A continuaci\u00f3n, encontrar\u00e1 los enlaces donde puede consultar las agendas definidas.<\/p>\n\n\n\n<div class=\"wp-block-buttons is-layout-flex wp-block-buttons-is-layout-flex\">\n<div class=\"wp-block-button\"><a class=\"wp-block-button__link has-luminous-vivid-amber-background-color has-background wp-element-button\" href=\"https:\/\/acofi.edu.co\/eiei2023\/informacion-academica\/jornada-avances-en-investigacion\/calidad-del-agua-y-saneamiento-basico\/agenda-calidad-del-agua-y-saneamiento-basico-a\/\"><strong>Agenda Calidad del agua y saneamiento b\u00e1sico A<\/strong><\/a><\/div>\n<\/div>\n\n\n\n<p>Para los trabajos con c\u00f3digos: <strong>2787, 2847, 2946, 2978, 2989, 2998, 3019, 3066, 3067, 3115, 3126, 3203, 3357, 3427<\/strong><\/p>\n\n\n\n<div class=\"wp-block-buttons is-layout-flex wp-block-buttons-is-layout-flex\">\n<div class=\"wp-block-button\"><a class=\"wp-block-button__link has-luminous-vivid-amber-background-color has-background wp-element-button\" href=\"https:\/\/acofi.edu.co\/eiei2023\/informacion-academica\/jornada-avances-en-investigacion\/calidad-del-agua-y-saneamiento-basico\/agenda-calidad-del-agua-y-saneamiento-basico-b\/\"><strong>Agenda Calidad del agua y saneamiento b\u00e1sico B<\/strong><\/a><\/div>\n<\/div>\n\n\n\n<p>Para los trabajos con c\u00f3digos: <strong>2816, 2840, 2955, 3006, 3128, 3265, 3383, 3329, 3189, 3257, 3177, 3183, 3389<\/strong><\/p>\n\n\n\n<hr class=\"wp-block-separator has-alpha-channel-opacity\"\/>\n\n\n\n<p><a href=\"#_ftnref1\" id=\"_ftn1\">[1]<\/a> <a href=\"https:\/\/www.paho.org\/es\/temas\/agua-saneamiento\">https:\/\/www.paho.org\/es\/temas\/agua-saneamiento<\/a><\/p>\n\n\n\n<p><a href=\"#_ftnref2\" id=\"_ftn2\">[2]<\/a> <a href=\"https:\/\/www.paho.org\/es\/temas\/agua-saneamiento\">https:\/\/www.paho.org\/es\/temas\/agua-saneamiento<\/a><\/p>\n\n\n\n<p><a href=\"#_ftnref3\" id=\"_ftn3\">[3]<\/a> https:\/\/es.weforum.org\/agenda\/2020\/01\/un-estudio-calcula-que-hace-falta-un-1-del-pib-mundial-para-garantizar-la-disponibilidad-de-agua-y-saneamiento-para-todos\/<\/p>\n","protected":false},"excerpt":{"rendered":"<p>Descripci\u00f3n En esta jornada se presentar\u00e1n soluciones de ingenier\u00eda que garanticen: Motivaci\u00f3n Hablar de calidad del agua y de saneamiento b\u00e1sico es hablar de la vida. Esto expresa la Organizaci\u00f3n Panamericana de la Salud: De la misma manera indica: De la misma manera, el Foro Econ\u00f3mico Mundial, manifiesta que: \u2026 hace falta un 1% del [&hellip;]<\/p>\n","protected":false},"author":1,"featured_media":0,"parent":687,"menu_order":0,"comment_status":"closed","ping_status":"closed","template":"","meta":{"_acf_changed":false,"footnotes":""},"class_list":["post-691","page","type-page","status-publish","hentry"],"acf":[],"_links":{"self":[{"href":"https:\/\/acofi.edu.co\/eiei2023\/wp-json\/wp\/v2\/pages\/691","targetHints":{"allow":["GET"]}}],"collection":[{"href":"https:\/\/acofi.edu.co\/eiei2023\/wp-json\/wp\/v2\/pages"}],"about":[{"href":"https:\/\/acofi.edu.co\/eiei2023\/wp-json\/wp\/v2\/types\/page"}],"author":[{"embeddable":true,"href":"https:\/\/acofi.edu.co\/eiei2023\/wp-json\/wp\/v2\/users\/1"}],"replies":[{"embeddable":true,"href":"https:\/\/acofi.edu.co\/eiei2023\/wp-json\/wp\/v2\/comments?post=691"}],"version-history":[{"count":23,"href":"https:\/\/acofi.edu.co\/eiei2023\/wp-json\/wp\/v2\/pages\/691\/revisions"}],"predecessor-version":[{"id":1196,"href":"https:\/\/acofi.edu.co\/eiei2023\/wp-json\/wp\/v2\/pages\/691\/revisions\/1196"}],"up":[{"embeddable":true,"href":"https:\/\/acofi.edu.co\/eiei2023\/wp-json\/wp\/v2\/pages\/687"}],"wp:attachment":[{"href":"https:\/\/acofi.edu.co\/eiei2023\/wp-json\/wp\/v2\/media?parent=691"}],"curies":[{"name":"wp","href":"https:\/\/api.w.org\/{rel}","templated":true}]}}