{"id":37,"date":"2022-10-30T17:22:31","date_gmt":"2022-10-30T17:22:31","guid":{"rendered":"http:\/\/acofi.edu.co\/eiei2023\/?page_id=37"},"modified":"2023-02-10T12:35:10","modified_gmt":"2023-02-10T12:35:10","slug":"comite-cientifico","status":"publish","type":"page","link":"https:\/\/acofi.edu.co\/eiei2023\/informacion-general\/comite-cientifico\/","title":{"rendered":"Comit\u00e9 Cient\u00edfico"},"content":{"rendered":"\n<p><strong>Elvira G\u00f3mez Verjel<\/strong><br>Universidad del Sin\u00fa, Cartagena, Colombia<br><br><strong>Gloria Isabel Bautista Lasprilla<\/strong><br>Universidad Tecnol\u00f3gica de Bol\u00edvar, Cartagena, Colombia<br><br><strong>Lorena Judith Ech\u00e1vez Baquero<\/strong><br>Universidad de Sucre, Sincelejo, Colombia<br><br><strong>Mar\u00eda Claudia Bonfante Rodr\u00edguez<\/strong><br>Universidad del Sin\u00fa, Cartagena, Colombia<br><br><strong>Yenny del Carmen Julio Narv\u00e1ez<\/strong><br>Corporaci\u00f3n Universitaria Rafael N\u00fa\u00f1ez, Cartagena, Colombia<br><br><strong>Jairo Acosta Solano<\/strong><br>Corporaci\u00f3n Universitaria Rafael N\u00fa\u00f1ez, Cartagena, Colombia<br><br><strong>Jairo Enrique Serrano Casta\u00f1eda<\/strong><br>Universidad Tecnol\u00f3gica de Bol\u00edvar, Cartagena, Colombia<\/p>\n\n\n\n<h4 class=\"wp-block-heading\">Con el apoyo de:<\/h4>\n\n\n\n<figure class=\"wp-block-gallery has-nested-images columns-4 wp-block-gallery-1 is-layout-flex wp-block-gallery-is-layout-flex\">\n<figure class=\"wp-block-image size-large\"><img loading=\"lazy\" decoding=\"async\" width=\"400\" height=\"400\" data-id=\"110\" src=\"https:\/\/acofi.edu.co\/eiei2023\/wp-content\/uploads\/2022\/11\/CORPORACION-UNIVERSITARIA-RAFAEL-NUNEZ.png\" alt=\"\" class=\"wp-image-110\" srcset=\"https:\/\/acofi.edu.co\/eiei2023\/wp-content\/uploads\/2022\/11\/CORPORACION-UNIVERSITARIA-RAFAEL-NUNEZ.png 400w, https:\/\/acofi.edu.co\/eiei2023\/wp-content\/uploads\/2022\/11\/CORPORACION-UNIVERSITARIA-RAFAEL-NUNEZ-300x300.png 300w, https:\/\/acofi.edu.co\/eiei2023\/wp-content\/uploads\/2022\/11\/CORPORACION-UNIVERSITARIA-RAFAEL-NUNEZ-150x150.png 150w\" sizes=\"auto, (max-width: 400px) 100vw, 400px\" \/><\/figure>\n\n\n\n<figure class=\"wp-block-image size-large\"><img loading=\"lazy\" decoding=\"async\" width=\"400\" height=\"400\" data-id=\"339\" src=\"https:\/\/acofi.edu.co\/eiei2023\/wp-content\/uploads\/2023\/02\/UNIVERSIDAD-DE-SUCRE.jpg\" alt=\"\" class=\"wp-image-339\" srcset=\"https:\/\/acofi.edu.co\/eiei2023\/wp-content\/uploads\/2023\/02\/UNIVERSIDAD-DE-SUCRE.jpg 400w, https:\/\/acofi.edu.co\/eiei2023\/wp-content\/uploads\/2023\/02\/UNIVERSIDAD-DE-SUCRE-300x300.jpg 300w, https:\/\/acofi.edu.co\/eiei2023\/wp-content\/uploads\/2023\/02\/UNIVERSIDAD-DE-SUCRE-150x150.jpg 150w\" sizes=\"auto, (max-width: 400px) 100vw, 400px\" \/><\/figure>\n\n\n\n<figure class=\"wp-block-image size-large\"><img loading=\"lazy\" decoding=\"async\" width=\"400\" height=\"400\" data-id=\"109\" src=\"https:\/\/acofi.edu.co\/eiei2023\/wp-content\/uploads\/2022\/11\/Unisinu-ctg.png\" alt=\"\" class=\"wp-image-109\" srcset=\"https:\/\/acofi.edu.co\/eiei2023\/wp-content\/uploads\/2022\/11\/Unisinu-ctg.png 400w, https:\/\/acofi.edu.co\/eiei2023\/wp-content\/uploads\/2022\/11\/Unisinu-ctg-300x300.png 300w, https:\/\/acofi.edu.co\/eiei2023\/wp-content\/uploads\/2022\/11\/Unisinu-ctg-150x150.png 150w\" sizes=\"auto, (max-width: 400px) 100vw, 400px\" \/><\/figure>\n\n\n\n<figure class=\"wp-block-image size-large\"><img loading=\"lazy\" decoding=\"async\" width=\"400\" height=\"400\" data-id=\"107\" src=\"https:\/\/acofi.edu.co\/eiei2023\/wp-content\/uploads\/2022\/11\/UNIVERSIDAD-TECNOLOGICA-DE-BOLIVAR.jpg\" alt=\"\" class=\"wp-image-107\" srcset=\"https:\/\/acofi.edu.co\/eiei2023\/wp-content\/uploads\/2022\/11\/UNIVERSIDAD-TECNOLOGICA-DE-BOLIVAR.jpg 400w, https:\/\/acofi.edu.co\/eiei2023\/wp-content\/uploads\/2022\/11\/UNIVERSIDAD-TECNOLOGICA-DE-BOLIVAR-300x300.jpg 300w, https:\/\/acofi.edu.co\/eiei2023\/wp-content\/uploads\/2022\/11\/UNIVERSIDAD-TECNOLOGICA-DE-BOLIVAR-150x150.jpg 150w\" sizes=\"auto, (max-width: 400px) 100vw, 400px\" \/><\/figure>\n<\/figure>\n\n\n\n<p><\/p>\n","protected":false},"excerpt":{"rendered":"<p>Elvira G\u00f3mez VerjelUniversidad del Sin\u00fa, Cartagena, Colombia Gloria Isabel Bautista LasprillaUniversidad Tecnol\u00f3gica de Bol\u00edvar, Cartagena, Colombia Lorena Judith Ech\u00e1vez BaqueroUniversidad de Sucre, Sincelejo, Colombia Mar\u00eda Claudia Bonfante Rodr\u00edguezUniversidad del Sin\u00fa, Cartagena, Colombia Yenny del Carmen Julio Narv\u00e1ezCorporaci\u00f3n Universitaria Rafael N\u00fa\u00f1ez, Cartagena, Colombia Jairo Acosta SolanoCorporaci\u00f3n Universitaria Rafael N\u00fa\u00f1ez, Cartagena, Colombia Jairo Enrique Serrano Casta\u00f1edaUniversidad Tecnol\u00f3gica [&hellip;]<\/p>\n","protected":false},"author":1,"featured_media":0,"parent":31,"menu_order":0,"comment_status":"closed","ping_status":"closed","template":"","meta":{"_acf_changed":false,"footnotes":""},"class_list":["post-37","page","type-page","status-publish","hentry"],"acf":[],"_links":{"self":[{"href":"https:\/\/acofi.edu.co\/eiei2023\/wp-json\/wp\/v2\/pages\/37","targetHints":{"allow":["GET"]}}],"collection":[{"href":"https:\/\/acofi.edu.co\/eiei2023\/wp-json\/wp\/v2\/pages"}],"about":[{"href":"https:\/\/acofi.edu.co\/eiei2023\/wp-json\/wp\/v2\/types\/page"}],"author":[{"embeddable":true,"href":"https:\/\/acofi.edu.co\/eiei2023\/wp-json\/wp\/v2\/users\/1"}],"replies":[{"embeddable":true,"href":"https:\/\/acofi.edu.co\/eiei2023\/wp-json\/wp\/v2\/comments?post=37"}],"version-history":[{"count":10,"href":"https:\/\/acofi.edu.co\/eiei2023\/wp-json\/wp\/v2\/pages\/37\/revisions"}],"predecessor-version":[{"id":340,"href":"https:\/\/acofi.edu.co\/eiei2023\/wp-json\/wp\/v2\/pages\/37\/revisions\/340"}],"up":[{"embeddable":true,"href":"https:\/\/acofi.edu.co\/eiei2023\/wp-json\/wp\/v2\/pages\/31"}],"wp:attachment":[{"href":"https:\/\/acofi.edu.co\/eiei2023\/wp-json\/wp\/v2\/media?parent=37"}],"curies":[{"name":"wp","href":"https:\/\/api.w.org\/{rel}","templated":true}]}}