{"id":816,"date":"2019-08-10T15:21:45","date_gmt":"2019-08-10T15:21:45","guid":{"rendered":"http:\/\/acofi.edu.co\/eiei2019\/?page_id=816"},"modified":"2019-08-30T14:08:33","modified_gmt":"2019-08-30T14:08:33","slug":"ciidet","status":"publish","type":"page","link":"http:\/\/acofi.edu.co\/eiei2019\/informacion-academica\/talleres\/ciidet\/","title":{"rendered":"Implicaciones curriculares del entorno CDIO"},"content":{"rendered":"<p><span style=\"color: #ef4136;\"><strong>Objetivo<\/strong><\/span><\/p>\n<p>Al concluir el taller, los participantes dimensionar\u00e1n las implicaciones curriculares que presenta la implementaci\u00f3n de un entorno predise\u00f1ado como el CDIO (Conceive \u2013 Design \u2014 Implement \u2014 Operate) en las Facultades de Ingenier\u00eda, as\u00ed como la influencia que tendr\u00e1 en el Modelo de Gesti\u00f3n Educativa y el Modelo de Administraci\u00f3n institucional.<strong>\u00a0<\/strong><\/p>\n<p><span style=\"color: #ef4136;\"><strong>Antecedentes<\/strong><\/span><\/p>\n<p>A lo largo del tiempo, la formaci\u00f3n de ingenieros ha transitado por diferentes concepciones y finalidades, determinadas hist\u00f3ricamente por el desarrollo tecnol\u00f3gico, comercial y pol\u00edtico de cada pa\u00eds, a trav\u00e9s de los cuales se ha ido determinando el perfil ideal del ingeniero en cada una de sus ramas, as\u00ed como su relaci\u00f3n con la sociedad, la ciencia y la tecnolog\u00eda. El caso del siglo XXI no es la excepci\u00f3n.<\/p>\n<p>En esa perspectiva, el <em>dise\u00f1o y desarrollo curricular<\/em> han sido la pieza fundamental para crear programas de estudio que incorporen las perspectivas vigentes, pues es precisamente en el curr\u00edculum donde se sientan las bases de la pertinencia profesional, los proyectos de vinculaci\u00f3n con diferentes actores econ\u00f3micos, pol\u00edticos y sociales, la estructuraci\u00f3n de la malla de asignaturas (distribuci\u00f3n del conocimiento), y el modelo de evaluaci\u00f3n que imperar\u00e1. Asimismo, permite identificar el tipo de docente que participar\u00e1 y los conocimientos y competencias que debe mostrar y cultivar, el marco te\u00f3rico de la ense\u00f1anza y del aprendizaje sobre el que se construir\u00e1 la relaci\u00f3n maestro \u2013 alumno &#8211; contenido, entre otras directrices de operaci\u00f3n.<\/p>\n<p>Pero \u00bfqu\u00e9 sucede cuando la instituci\u00f3n educativa no dise\u00f1a su propio entorno curricular? \u00bfDe qu\u00e9 forma se debe operar el desarrollo curricular para incorporar una estructura predise\u00f1ada? \u00bfCu\u00e1les son las esferas institucionales que se involucrar\u00e1n en una decisi\u00f3n de ese tipo? Estas son las preguntas que guiar\u00e1n el taller Implicaciones curriculares del entorno CDIO. Los entornos curriculares predise\u00f1ados en ingenier\u00eda son ya una tradici\u00f3n en las escuelas y facultades, promovidos principalmente instituciones acreditadoras junto con organismos econ\u00f3micos internacionales, con la intenci\u00f3n de asegurar ciertos criterios de calidad. Sin embargo, al momento de adoptarlo se tienden a crear las condiciones administrativas para su operaci\u00f3n sin considerar la necesidad de reorientar incluso hasta el Modelo Educativo institucional, hecho que limita el pleno aprovechamiento de la propuesta y origina que las evidencias de operaci\u00f3n solo consistan en el reporte de actividades, sin incorporar impactos cualitativos. Por lo tanto, la adecuaci\u00f3n institucional de estos predise\u00f1os se convierte en un enorme reto educativo.<strong>\u00a0<\/strong><\/p>\n<p>En este taller se emplear\u00e1 como ejemplo un entorno curricular predise\u00f1ado el CDIO, cuya esencia se intuye desde su nombre Concebir \u2013 Dise\u00f1ar \u2013 Implementar \u2013 Operar. A trav\u00e9s de CDIO \u201cse proporciona a los estudiantes una ense\u00f1anza de los conceptos fundamentales de la ingenier\u00eda en un contexto de concepci\u00f3n, dise\u00f1o, implementaci\u00f3n y operaci\u00f3n de sistemas y productos del mundo real, con la intenci\u00f3n de promover el aprendizaje, no s\u00f3lo de dichos conceptos fundamentales, sino tambi\u00e9n de un conjunto amplio de competencias gen\u00e9ricas\u201d. (Brag\u00f3s, 2012: 58)<\/p>\n<p>El CDIO es una iniciativa del Massachusetts Institute of Technology (MIT), y las universidades suecas de Chalmers, Link\u00f6ping y KTH que pretende convertirse en un marco de referencia para determinar los contenidos de los programas a trav\u00e9s de 12 est\u00e1ndares, adem\u00e1s una serie de competencias pre-identificadas y publicadas a trav\u00e9s de un Syllabus que deber\u00e1n formar parte del perfil de egreso del ingeniero, y en correspondencia del perfil del profesorado.<\/p>\n<p><span style=\"color: #ef4136;\"><strong>Agenda<\/strong><\/span><\/p>\n<p><a href=\"http:\/\/acofi.edu.co\/eiei2019\/informacion-academica\/talleres\/ciidet\/prog-taller-ciidet\/#main\" rel=\"attachment wp-att-820\"><img loading=\"lazy\" class=\"alignnone wp-image-820\" src=\"http:\/\/www.acofi.edu.co\/eiei2019\/wp-content\/uploads\/2019\/08\/PROG-taller-ciidet.jpg\" alt=\"\" width=\"700\" height=\"233\" srcset=\"http:\/\/www.acofi.edu.co\/eiei2019\/wp-content\/uploads\/2019\/08\/PROG-taller-ciidet.jpg 1492w, http:\/\/www.acofi.edu.co\/eiei2019\/wp-content\/uploads\/2019\/08\/PROG-taller-ciidet-300x100.jpg 300w, http:\/\/www.acofi.edu.co\/eiei2019\/wp-content\/uploads\/2019\/08\/PROG-taller-ciidet-768x256.jpg 768w, http:\/\/www.acofi.edu.co\/eiei2019\/wp-content\/uploads\/2019\/08\/PROG-taller-ciidet-1024x341.jpg 1024w\" sizes=\"(max-width: 700px) 100vw, 700px\" \/><\/a><\/p>\n<p><strong style=\"color: #ef4136;\">Propuestas para el buen desarrollo del Taller<\/strong><\/p>\n<ol>\n<li>Recuperaci\u00f3n de experiencias entre los participantes en torno a la implementaci\u00f3n CDIO<\/li>\n<li>An\u00e1lisis de la pertinencia del Modelo CDIO.<strong>\u00a0<\/strong><\/li>\n<\/ol>\n<p><span style=\"color: #ef4136;\"><strong>Lecturas sugeridas<\/strong><\/span><\/p>\n<p>Se recomienda a los participantes haber realizado previamente las siguientes lecturas:<\/p>\n<ol start=\"73\">\n<li>Brag\u00f3s, R. (2012). Las competencias del profesorado en el entorno CDIO.\u00a0<em> Revista de Docencia Universitaria<\/em>,\u00a0<em>10<\/em>(2), 57-73. Disponible en <a href=\"https:\/\/polipapers.upv.es\/index.php\/REDU\/article\/view\/6097\">https:\/\/polipapers.upv.es\/index.php\/REDU\/article\/view\/6097<\/a><\/li>\n<li>Bankel, J. et al (2005) Benchmarking Engineering Curricula the CDIO Syllabus. En <em>TEMPUS Publications, 21 <\/em>(1), 121-133. Disponible en <a href=\"http:\/\/www.webmail.orbiter.cdio.org\/files\/document\/file\/benchmarking.pdf\">http:\/\/www.webmail.orbiter.cdio.org\/files\/document\/file\/benchmarking.pdf<\/a><\/li>\n<li>Velez, G. &amp; Ter\u00e1n, L. (2010) Modelos para el dise\u00f1o curricular. En <em>Pampedia<\/em>, 6, 55-65. Disponible en <a href=\"http:\/\/psicologiavirtual.com.mx\/Aula1\/Biblioteca\/Educacion\/modelos-dise%C3%B1o-curricular.pdf\">http:\/\/psicologiavirtual.com.mx\/Aula1\/Biblioteca\/Educacion\/modelos-dise%C3%B1o-curricular.pdf<\/a><\/li>\n<\/ol>\n<p><span style=\"color: #ef4136;\"><strong>Coordinaci\u00f3n <\/strong><\/span><\/p>\n<p>Dra. <strong>Adriana Castillo Rosas<\/strong>, Centro Interdisciplinario de Investigaci\u00f3n y Docencia en Educaci\u00f3n T\u00e9cnica \u2013 CIIDET (M\u00e9xico)<\/p>\n<p>Licenciada en Administraci\u00f3n Educativa de la Universidad Pedag\u00f3gica Nacional. Especialista en Rehabilitaci\u00f3n Laboral de la Universidad del Valle de M\u00e9xico. Mag\u00edster en Ciencias de la Educaci\u00f3n de la Universidad Aut\u00f3noma de Quer\u00e9taro y Doctora en Ciencias de la Educaci\u00f3n de la Universidad Cuauht\u00e9moc Plantel Aguascalientes. Su producci\u00f3n cient\u00edfica gira en torno a cuatro l\u00edneas de investigaci\u00f3n: educaci\u00f3n a distancia, educaci\u00f3n superior y g\u00e9nero, aprendizaje de las ciencias b\u00e1sicas y enfoque de competencias, y formaci\u00f3n de ingenieros. Ha participado como docente y coordinadora de investigaci\u00f3n en el Centro Interdisciplinario de Investigaci\u00f3n y Docencia en Educaci\u00f3n T\u00e9cnica, CIIDET, que forma parte del Tecnol\u00f3gico Nacional de M\u00e9xico. Coordinadora del Modelo de Equidad de G\u00e9nero en esa instituci\u00f3n; miembro de la academia de Ciencias B\u00e1sicas, miembro de la academia de Liderazgo y Gesti\u00f3n Institucional y actualmente miembro de la academia de Investigaci\u00f3n Educativa.<\/p>\n<p><span style=\"color: #ef4136;\"><strong>Aspectos log\u00edsticos<\/strong><\/span><\/p>\n<ul>\n<li>Fecha y horario: martes 10 de septiembre de 2019, 08:00 \u2013 16:00<\/li>\n<li>Idioma: espa\u00f1ol<\/li>\n<li>N\u00famero de participantes: 35<\/li>\n<li>Lugar: Hotel Corales de Indias, sal\u00f3n Kalamar\u00ed 1<\/li>\n<\/ul>\n<p><iframe loading=\"lazy\" style=\"border: 0;\" src=\"https:\/\/www.google.com\/maps\/embed?pb=!1m18!1m12!1m3!1d980.932987734286!2d-75.52515315348283!3d10.442832400318176!2m3!1f0!2f0!3f0!3m2!1i1024!2i768!4f13.1!3m3!1m2!1s0x8ef6255fd6fd4067%3A0x72ca6dc9becdaa04!2sGHL+Relax+Hotel+Corales+de+Indias!5e0!3m2!1ses-419!2sco!4v1565450752219!5m2!1ses-419!2sco\" width=\"500\" height=\"500\" frameborder=\"0\" allowfullscreen=\"allowfullscreen\"><\/iframe><\/p>\n","protected":false},"excerpt":{"rendered":"<p>Objetivo Al concluir el taller, los participantes dimensionar\u00e1n las implicaciones curriculares que presenta la implementaci\u00f3n de un entorno predise\u00f1ado como el CDIO (Conceive \u2013 Design \u2014 Implement \u2014 Operate) en las Facultades de Ingenier\u00eda, as\u00ed como la influencia que tendr\u00e1 en el Modelo de Gesti\u00f3n Educativa y el Modelo de Administraci\u00f3n institucional.\u00a0 Antecedentes A lo [&hellip;]<\/p>\n","protected":false},"author":1,"featured_media":0,"parent":40,"menu_order":0,"comment_status":"closed","ping_status":"closed","template":"","meta":[],"_links":{"self":[{"href":"http:\/\/acofi.edu.co\/eiei2019\/wp-json\/wp\/v2\/pages\/816"}],"collection":[{"href":"http:\/\/acofi.edu.co\/eiei2019\/wp-json\/wp\/v2\/pages"}],"about":[{"href":"http:\/\/acofi.edu.co\/eiei2019\/wp-json\/wp\/v2\/types\/page"}],"author":[{"embeddable":true,"href":"http:\/\/acofi.edu.co\/eiei2019\/wp-json\/wp\/v2\/users\/1"}],"replies":[{"embeddable":true,"href":"http:\/\/acofi.edu.co\/eiei2019\/wp-json\/wp\/v2\/comments?post=816"}],"version-history":[{"count":10,"href":"http:\/\/acofi.edu.co\/eiei2019\/wp-json\/wp\/v2\/pages\/816\/revisions"}],"predecessor-version":[{"id":904,"href":"http:\/\/acofi.edu.co\/eiei2019\/wp-json\/wp\/v2\/pages\/816\/revisions\/904"}],"up":[{"embeddable":true,"href":"http:\/\/acofi.edu.co\/eiei2019\/wp-json\/wp\/v2\/pages\/40"}],"wp:attachment":[{"href":"http:\/\/acofi.edu.co\/eiei2019\/wp-json\/wp\/v2\/media?parent=816"}],"curies":[{"name":"wp","href":"https:\/\/api.w.org\/{rel}","templated":true}]}}