{"id":40,"date":"2018-12-04T03:05:22","date_gmt":"2018-12-04T03:05:22","guid":{"rendered":"http:\/\/localhost\/eiei2019\/?page_id=40"},"modified":"2019-09-05T17:45:52","modified_gmt":"2019-09-05T17:45:52","slug":"talleres","status":"publish","type":"page","link":"http:\/\/acofi.edu.co\/eiei2019\/informacion-academica\/talleres\/","title":{"rendered":"Talleres"},"content":{"rendered":"<h2><strong>Talleres martes 10 de septiembre de 2019<\/strong><\/h2>\n<h3><span style=\"color: #ffffff;\">.<\/span><\/h3>\n<h3><span style=\"color: #fbb040;\">Avances en investigaci\u00f3n<\/span><\/h3>\n<p><a href=\"http:\/\/acofi.edu.co\/eiei2019\/informacion-academica\/talleres\/salud\/\"><span style=\"color: #ef4136;\"><strong>Tranformaci\u00f3n digital en salud<\/strong><\/span><\/a><\/p>\n<p><a href=\"http:\/\/acofi.edu.co\/eiei2019\/informacion-academica\/talleres\/optimizacion\/\"><span style=\"color: #ef4136;\"><strong>Optimizaci\u00f3n de productos y procesos<\/strong><\/span><\/a><\/p>\n<p><a href=\"http:\/\/acofi.edu.co\/eiei2019\/informacion-academica\/talleres\/sostenible\/\"><span style=\"color: #ef4136;\"><strong>Ingenier\u00eda sostenible<\/strong><\/span><\/a><\/p>\n<p><a href=\"http:\/\/acofi.edu.co\/eiei2019\/informacion-academica\/talleres\/infraestructura\/\"><span style=\"color: #ef4136;\"><strong>Proyectos de infraestructura<\/strong><\/span><\/a><\/p>\n<h3><span style=\"color: #ffffff;\">.<\/span><\/h3>\n<h3><span style=\"color: #fbb040;\">Talleres acad\u00e9micos<\/span><\/h3>\n<p><a href=\"http:\/\/acofi.edu.co\/eiei2019\/informacion-academica\/talleres\/calidad_academica\/\"><strong><span style=\"color: #ef4136;\">Calidad Acad\u00e9mica y administrativa<\/span><\/strong><\/a><\/p>\n<p><a href=\"http:\/\/acofi.edu.co\/eiei2019\/informacion-academica\/talleres\/ciidet\/\"><strong><span style=\"color: #ef4136;\">Implicaciones curriculares del entorno CDIO<\/span><\/strong><\/a><\/p>\n<p><a href=\"http:\/\/acofi.edu.co\/eiei2019\/informacion-academica\/talleres\/mantenimiento\/\"><strong><span style=\"color: #ef4136;\">Materiales. Integridad Estructural y Corrosi\u00f3n<\/span><\/strong><\/a><\/p>\n","protected":false},"excerpt":{"rendered":"<p>Talleres martes 10 de septiembre de 2019 . Avances en investigaci\u00f3n Tranformaci\u00f3n digital en salud Optimizaci\u00f3n de productos y procesos Ingenier\u00eda sostenible Proyectos de infraestructura . Talleres acad\u00e9micos Calidad Acad\u00e9mica y administrativa Implicaciones curriculares del entorno CDIO Materiales. Integridad Estructural y Corrosi\u00f3n<\/p>\n","protected":false},"author":1,"featured_media":0,"parent":6,"menu_order":0,"comment_status":"closed","ping_status":"closed","template":"","meta":[],"_links":{"self":[{"href":"http:\/\/acofi.edu.co\/eiei2019\/wp-json\/wp\/v2\/pages\/40"}],"collection":[{"href":"http:\/\/acofi.edu.co\/eiei2019\/wp-json\/wp\/v2\/pages"}],"about":[{"href":"http:\/\/acofi.edu.co\/eiei2019\/wp-json\/wp\/v2\/types\/page"}],"author":[{"embeddable":true,"href":"http:\/\/acofi.edu.co\/eiei2019\/wp-json\/wp\/v2\/users\/1"}],"replies":[{"embeddable":true,"href":"http:\/\/acofi.edu.co\/eiei2019\/wp-json\/wp\/v2\/comments?post=40"}],"version-history":[{"count":15,"href":"http:\/\/acofi.edu.co\/eiei2019\/wp-json\/wp\/v2\/pages\/40\/revisions"}],"predecessor-version":[{"id":925,"href":"http:\/\/acofi.edu.co\/eiei2019\/wp-json\/wp\/v2\/pages\/40\/revisions\/925"}],"up":[{"embeddable":true,"href":"http:\/\/acofi.edu.co\/eiei2019\/wp-json\/wp\/v2\/pages\/6"}],"wp:attachment":[{"href":"http:\/\/acofi.edu.co\/eiei2019\/wp-json\/wp\/v2\/media?parent=40"}],"curies":[{"name":"wp","href":"https:\/\/api.w.org\/{rel}","templated":true}]}}