{"id":184,"date":"2018-12-12T19:24:17","date_gmt":"2018-12-12T19:24:17","guid":{"rendered":"http:\/\/acofi.edu.co\/eiei2019\/?page_id=184"},"modified":"2018-12-12T19:24:40","modified_gmt":"2018-12-12T19:24:40","slug":"presentacion-y-objetivos","status":"publish","type":"page","link":"http:\/\/acofi.edu.co\/eiei2019\/informacion-academica\/presentacion-y-objetivos\/","title":{"rendered":"Presentaci\u00f3n y objetivos"},"content":{"rendered":"<h2><span style=\"color: #ef4136;\"><strong>Presentaci\u00f3n<\/strong><\/span><\/h2>\n<p style=\"text-align: justify;\">Es posible afirmar que la humanidad se encuentra en la \u00e9poca de mayor transformaci\u00f3n de su historia porque en todas las actividades existe cada d\u00eda una fuerte relaci\u00f3n entre el avance tecnol\u00f3gico y las habilidades humanas. Este contexto invita al ejercicio permanente de un cambio que motive el desarrollo social por medio del estrecho v\u00ednculo humanidad-tecnolog\u00eda.<\/p>\n<p style=\"text-align: justify;\">En el \u00e1mbito de las facultades, escuelas y programas de ingenier\u00eda, este contexto es de necesaria aplicaci\u00f3n en el quehacer diario. La evoluci\u00f3n de la profesi\u00f3n invita a realizar cambios permanentes en la labor acad\u00e9mica, con el prop\u00f3sito de mantener la calidad que se requiere en los programas e instituciones de educaci\u00f3n superior y el equilibrio hist\u00f3rico de la universidad, y respondiendo a los requerimientos de las organizaciones en beneficio de la sociedad.<\/p>\n<p style=\"text-align: justify;\">Para ello, es de alto valor incorporar en toda actividad acad\u00e9mica los elementos que la era digital promueve y la relaci\u00f3n humana que se requiere. En este sentido, el Foro Econ\u00f3mico Mundial expresa:<\/p>\n<h6><em>A medida que las nuevas tecnolog\u00edas llegan a nuestros hogares, nuestras empresas y nuestros gobiernos, cambian la forma en que interactuamos y trabajamos, presentando nuevas oportunidades para crecer como regi\u00f3n y desarrollar comunidades m\u00e1s fuertes. Las nuevas tecnolog\u00edas pueden ayudar a las personas y organizaciones a ser m\u00e1s eficientes, y crear resultados m\u00e1s efectivos que se traducen en una mayor productividad y crecimiento econ\u00f3mico. No obstante, para lograr esto, es esencial proporcionar primero la capacitaci\u00f3n adecuada para que las personas puedan aprovechar al m\u00e1ximo las \u00faltimas tecnolog\u00edas y explotar todo su potencial.<\/em><em>\u00a0<\/em><\/h6>\n<h6 style=\"text-align: justify;\"><em>La educaci\u00f3n es el \u00fanico camino para construir un futuro en el que la palabra \u00abinteligente\u00bb no s\u00f3lo se aplique a las m\u00e1quinas, sino que siga describiendo a la humanidad.<\/em><em>\u00a0<\/em><\/h6>\n<h6 style=\"text-align: justify;\"><em>A trav\u00e9s de la educaci\u00f3n adecuada, podemos enriquecer las mentes de las personas en cualquier etapa de la vida y proporcionarles las habilidades que necesitan para trabajar en conjunto con las tecnolog\u00edas de automatizaci\u00f3n, rob\u00f3tica o cualquier forma de inteligencia artificial que puedan encontrar en el lugar de trabajo. Primero debemos ense\u00f1ar a las mentes, para luego ense\u00f1ar a las m\u00e1quinas.<a href=\"#_ftn1\" name=\"_ftnref1\"><strong>[1]<\/strong><\/a><\/em><\/h6>\n<p style=\"text-align: justify;\">En este mismo sentido, es importante destacar el impacto que tiene el uso intensivo de la tecnolog\u00eda, cada vez m\u00e1s cambiante en todas las \u00e1reas del ejercicio profesional, lo que implica <em>formar profesionales con conocimientos cient\u00edficos generales, habilidades y competencias para desarrollar un efectivo aporte en el proceso de generar cambio, enfrentar, proponer, dise\u00f1ar y producir conocimiento en la b\u00fasqueda de soluciones a las necesidades fundamentales en cualquier \u00e1rea de la ingenier\u00eda<\/em><a href=\"#_ftn2\" name=\"_ftnref2\">[2]<\/a><em>.<\/em><\/p>\n<p style=\"text-align: justify;\">Tambi\u00e9n se indica:<\/p>\n<h6 style=\"text-align: justify;\"><em>En la\u00a0<strong><a href=\"http:\/\/noticias.universia.cl\/educacion\/noticia\/2017\/03\/13\/1150425\/habilidades-debes-desarrollar-digital-descubrelo-curso-online-gratuito.html\">era digital<\/a><\/strong>, el\u00a0mercado laboral\u00a0necesita profesionales adaptados a las nuevas tendencias tecnol\u00f3gicas, capaces de llevar adelante una profesi\u00f3n, pero sin convertirse en profesionales est\u00e1ticos. El\u00a0<strong><a href=\"http:\/\/noticias.universia.cl\/practicas-empleo\/noticia\/2018\/02\/06\/1157971\/4-consejos-productivo-mundo-digital.html\">mundo digital<\/a><\/strong>\u00a0demanda estudiantes, profesionales y, en definitiva, personas capaces de\u00a0adaptarse a cambios constantes, trascendentales e incluso impredecibles. La formaci\u00f3n de estas personas, es tarea de las universidades<a href=\"#_ftn3\" name=\"_ftnref3\"><strong>[3]<\/strong><\/a>.<\/em><\/h6>\n<p style=\"text-align: justify;\">Tomando como referencia la propuesta de transformaci\u00f3n en la escuela polit\u00e9cnica (Purdue Polytechnic Institute) en el \u00e1rea de ingenier\u00eda de Purdue University, es necesario incorporarse a la era digital a trav\u00e9s de un proceso en el que los programas acad\u00e9micos de ingenier\u00eda, inform\u00e1tica y administraci\u00f3n se orienten a las aplicaciones y al cambio. Este ejercicio abarca nuevas metodolog\u00edas de ense\u00f1anza; integra humanidades con estudios t\u00e9cnicos en un entorno de aprendizaje mediante la pr\u00e1ctica; proporciona un enfoque en el pensamiento de dise\u00f1o, creatividad y oferta de nuevos enfoques de obtenci\u00f3n de t\u00edtulos y especializaciones para abordar las necesidades de la econom\u00eda impulsada por la innovaci\u00f3n y la tecnolog\u00eda<a href=\"#_ftn4\" name=\"_ftnref4\">[4]<\/a>.<\/p>\n<p style=\"text-align: justify;\">Ruth Graham, en \u201cThe global state-of-the-art in engineering education\u201d, expresa en uno de los temas del futuro de la direcci\u00f3n en ingenier\u00eda, en un trabajo publicado por la Comisi\u00f3n de T\u00edtulos de Francia<a href=\"#_ftn5\" name=\"_ftnref5\">[5]<\/a>, lo siguiente:<\/p>\n<h6 style=\"text-align: justify;\"><em>Los l\u00edderes del pensamiento se\u00f1alaron cuatro caracter\u00edsticas claves que probablemente distinguir\u00edan los mejores programas mundiales de educaci\u00f3n en ingenier\u00eda en la pr\u00f3xima d\u00e9cada:<\/em><\/h6>\n<ul style=\"text-align: justify;\">\n<li>\n<h6><em>La combinaci\u00f3n de tecnolog\u00eda digital y aprendizaje activo, impulsada por una educaci\u00f3n centrada en el estudiante a grandes tama\u00f1os de cohorte.<\/em><\/h6>\n<\/li>\n<li>\n<h6><em>Planes de estudios que contemplen el aprendizaje interdisciplinario, en un contexto de globalizaci\u00f3n, as\u00ed como el desarrollo de habilidades del ingeniero basadas en la experiencia de la pr\u00e1ctica profesional para impulsar un cambio social sostenible\u2026<\/em><\/h6>\n<\/li>\n<\/ul>\n<p style=\"text-align: justify;\">En el mismo texto se menciona como ejemplo que la Universidad de Aalborg, en Dinamarca, est\u00e1 invirtiendo recursos considerables en el desarrollo de \u00abnuevos modelos de aprendizaje basado en problemas para la era digital\u00bb, con miras a implementar dichos enfoques. Es probable que el modelo ofrezca enfoques de m\u00e9todos mixtos para el aprendizaje basado en problemas, los cuales ser\u00e1n apoyados por proyectos virtuales, enlaces internacionales y aprendizaje en l\u00ednea.<\/p>\n<p style=\"text-align: justify;\">Este breve contexto y sus ejemplos invitan a la reflexi\u00f3n sobre c\u00f3mo incorporar estos elementos en el desarrollo de un curr\u00edculo, el impacto en los procesos de ense\u00f1anza\u2013aprendizaje y la evaluaci\u00f3n y, en general, en todas las acciones que se emprenden en las facultades de ingenier\u00eda. En este ejercicio es esencial la contextualizaci\u00f3n del impacto de una cultura digital y su relaci\u00f3n con la sostenibilidad, las tecnolog\u00edas de la informaci\u00f3n y las comunicaciones y el desarrollo del capital humano.<\/p>\n<p style=\"text-align: justify;\">El quehacer misional en las facultades, escuelas y programas de ingenier\u00eda debe incorporar estos elementos de la manera m\u00e1s adecuada para mantener sus altos est\u00e1ndares de calidad, contar con futuros profesionales altamente calificados y, ante todo, responder a las necesidades t\u00e9cnicas y sociales que requiere el desarrollo. Igualmente, todos los actores, directivos acad\u00e9micos, profesores, investigadores, estudiantes, personal administrativo, empresas, Estado y sociedad deben reconocer la importancia de este entorno digital y entender que su apropiaci\u00f3n contribuye a formar profesionales de la ingenier\u00eda que promuevan el desarrollo social.<\/p>\n<h6 style=\"text-align: left;\"><a href=\"#_ftnref1\" name=\"_ftn1\">[1]<\/a> Recuperado de <strong><a href=\"https:\/\/es.weforum.org\/agenda\/2018\/03\/para-que-america-latina-prospere-en-la-era-digital-primero-debe-ensenar-a-las-mentes-luego-las-maquinas\/\">https:\/\/es.weforum.org\/agenda\/2018\/03\/para-que-america-latina-prospere-en-la-era-digital-primero-debe-ensenar-a-las-mentes-luego-las-maquinas\/<\/a><\/strong><\/h6>\n<h6 style=\"text-align: left;\"><a href=\"#_ftnref2\" name=\"_ftn2\">[2]<\/a> Adaptaci\u00f3n de la ponencia \u201cPerfil prospectivo del ingeniero agroindustrial al 2020\u201d, incluido en las memorias de la Reuni\u00f3n Nacional ACOFI 2006.<\/h6>\n<h6 style=\"text-align: left;\"><a href=\"#_ftnref3\" name=\"_ftn3\">[3]<\/a> Recuperado de <strong><a href=\"http:\/\/noticias.universia.cl\/cultura\/noticia\/2018\/06\/18\/1160322\/futuro-universidades-mundo-digital.html\">http:\/\/noticias.universia.cl\/cultura\/noticia\/2018\/06\/18\/1160322\/futuro-universidades-mundo-digital.html<\/a><\/strong><\/h6>\n<h6 style=\"text-align: left;\"><a href=\"#_ftnref4\" name=\"_ftn4\">[4]<\/a> Adaptado de <strong><a href=\"https:\/\/polytechnic.purdue.edu\/blog\/whats-name\">https:\/\/polytechnic.purdue.edu\/blog\/whats-name<\/a><\/strong>. Traducci\u00f3n libre.<\/h6>\n<h6 style=\"text-align: left;\"><a href=\"#_ftnref5\" name=\"_ftn5\">[5]<\/a> Recuperado de <strong><a href=\"https:\/\/www.cti-commission.fr\/wp-content\/uploads\/2017\/10\/Phase-1-engineering-education-benchmarking-study-2017.pdf\">https:\/\/www.cti-commission.fr\/wp-content\/uploads\/2017\/10\/Phase-1-engineering-education-benchmarking-study-2017.pdf<\/a><\/strong>. Traducci\u00f3n libre.<\/h6>\n<p>&nbsp;<\/p>\n<h2 style=\"text-align: justify;\"><span style=\"color: #ef4136;\"><strong>Objetivo general<\/strong><\/span><\/h2>\n<p style=\"text-align: justify;\">El EIEI ACOFI 2019 y el CLADI 2019 se proponen ser espacios acad\u00e9micos de estudio, reflexi\u00f3n, an\u00e1lisis y debate sobre la manera en que las facultades, escuelas y programas de ingenier\u00eda responden a los requerimientos de la era digital.<\/p>\n<p style=\"text-align: justify;\"><strong>\u00a0<\/strong><\/p>\n<h2 style=\"text-align: justify;\"><span style=\"color: #ef4136;\"><strong>Objetivos espec\u00edficos <\/strong><\/span><\/h2>\n<ol>\n<li style=\"text-align: justify;\">Conocer las acciones que desarrollan las facultades, escuelas y programas de ingenier\u00eda en cuanto a la apropiaci\u00f3n digital en cada una de sus acciones.<\/li>\n<li style=\"text-align: justify;\">Analizar el impacto de la constante transformaci\u00f3n digital y su correlato en las caracter\u00edsticas de una propuesta formativa de calidad cuyo dise\u00f1o curricular se encuentre acorde con el contexto en que se desarrolla.<\/li>\n<li style=\"text-align: justify;\">Reflexionar sobre el papel de las autoridades acad\u00e9micas de las facultades de ingenier\u00eda como l\u00edderes del proceso de cambio en esta era digital.<\/li>\n<li style=\"text-align: justify;\">Analizar c\u00f3mo el profesor de ingenier\u00eda adapta los procesos pedag\u00f3gicos de ense\u00f1anza\u2013aprendizaje de la ingenier\u00eda a los nuevos desaf\u00edos de la era digital, tanto en la formaci\u00f3n propia de su disciplina como en la pedag\u00f3gica.<\/li>\n<li style=\"text-align: justify;\">Reflexionar y debatir sobre c\u00f3mo los estudiantes de ingenier\u00eda, en todos sus niveles de formaci\u00f3n, son parte activa del proceso de ense\u00f1anza\u2013aprendizaje.<\/li>\n<li style=\"text-align: justify;\">Fortalecer la labor del personal administrativo que acompa\u00f1a todos los ejercicios que se desarrollan desde las facultades de ingenier\u00eda.<\/li>\n<li style=\"text-align: justify;\">Interactuar con el Estado, las organizaciones y la sociedad para que sean parte activa del trabajo que se lleva a cabo en las facultades de ingenier\u00eda en esta transformaci\u00f3n digital.<\/li>\n<\/ol>\n","protected":false},"excerpt":{"rendered":"<p>Presentaci\u00f3n Es posible afirmar que la humanidad se encuentra en la \u00e9poca de mayor transformaci\u00f3n de su historia porque en todas las actividades existe cada d\u00eda una fuerte relaci\u00f3n entre el avance tecnol\u00f3gico y las habilidades humanas. Este contexto invita al ejercicio permanente de un cambio que motive el desarrollo social por medio del estrecho [&hellip;]<\/p>\n","protected":false},"author":1,"featured_media":0,"parent":6,"menu_order":0,"comment_status":"closed","ping_status":"closed","template":"","meta":[],"_links":{"self":[{"href":"http:\/\/acofi.edu.co\/eiei2019\/wp-json\/wp\/v2\/pages\/184"}],"collection":[{"href":"http:\/\/acofi.edu.co\/eiei2019\/wp-json\/wp\/v2\/pages"}],"about":[{"href":"http:\/\/acofi.edu.co\/eiei2019\/wp-json\/wp\/v2\/types\/page"}],"author":[{"embeddable":true,"href":"http:\/\/acofi.edu.co\/eiei2019\/wp-json\/wp\/v2\/users\/1"}],"replies":[{"embeddable":true,"href":"http:\/\/acofi.edu.co\/eiei2019\/wp-json\/wp\/v2\/comments?post=184"}],"version-history":[{"count":2,"href":"http:\/\/acofi.edu.co\/eiei2019\/wp-json\/wp\/v2\/pages\/184\/revisions"}],"predecessor-version":[{"id":186,"href":"http:\/\/acofi.edu.co\/eiei2019\/wp-json\/wp\/v2\/pages\/184\/revisions\/186"}],"up":[{"embeddable":true,"href":"http:\/\/acofi.edu.co\/eiei2019\/wp-json\/wp\/v2\/pages\/6"}],"wp:attachment":[{"href":"http:\/\/acofi.edu.co\/eiei2019\/wp-json\/wp\/v2\/media?parent=184"}],"curies":[{"name":"wp","href":"https:\/\/api.w.org\/{rel}","templated":true}]}}