{"id":14,"date":"2018-12-02T04:00:34","date_gmt":"2018-12-02T04:00:34","guid":{"rendered":"http:\/\/localhost\/eiei2019\/?page_id=14"},"modified":"2021-10-25T16:20:03","modified_gmt":"2021-10-25T16:20:03","slug":"premios-acofi","status":"publish","type":"page","link":"http:\/\/acofi.edu.co\/eiei2019\/premios-acofi\/","title":{"rendered":"Premios ACOFI"},"content":{"rendered":"<p style=\"text-align: center;\">Los premios ACOFI se promueven desde el a\u00f1o 1998. Buscan estimular el trabajo acad\u00e9mico de los profesores y estudiantes pertenecientes a las facultades de ingenier\u00eda del pa\u00eds y\u00a0se entregan a los mejores trabajos presentados en el Encuentro en las distintas categor\u00edas.\u00a0El reconocimiento se realizar\u00e1 durante el primer trimestre del 2020.<\/p>\n<p><span style=\"color: #ffffff;\">.<\/span><\/p>\n<h2 style=\"text-align: center;\"><span style=\"color: #ef4136;\">Ganadores<br \/>\n<span style=\"color: #ffffff;\">.<\/span><\/span><\/h2>\n<h3 style=\"text-align: center;\"><strong><span style=\"color: #fbb040;\">Trabajos sobre ense\u00f1anza de la ingenier\u00eda<\/span><\/strong><\/h3>\n<p style=\"text-align: center;\"><strong>HACIA UNA CULTURA ESTAD\u00cdSTICA EN CARRERAS DE INGENIER\u00cdA<\/strong><br \/>\n<span style=\"color: #ef4136;\"><em>M\u00f3nica Beatriz Guitart Coria, Cristian Patricio Gamba, Eduardo Grossi, Norma Carina L\u00f3pez, Juli\u00e1n Mart\u00ednez, Mart\u00edn Omar Silva, Alexander Nicol\u00e1s Casas Arjona, Luciano Cattaneo Bonilla<br \/>\nUniversidad Nacional de Cuyo, EF Academy Oxford, Argentina, Reino Unido<\/em><\/span><\/p>\n<h5 style=\"text-align: center;\"><a href=\"https:\/\/acofipapers.org\/index.php\/eiei\/article\/view\/89\">Consultar trabajo<\/a><br \/>\n<span style=\"color: #ffffff;\">.<\/span><\/h5>\n<p style=\"text-align: center;\"><strong>ENSE\u00d1ANZA DE LA INGENIER\u00cdA DE SOFTWARE BASADA EN COMPETENCIAS FUNDAMENTALES Y AULA INVERTIDA<\/strong><br \/>\n<span style=\"color: #ef4136;\"><em>\u00d3scar Hern\u00e1n Franco Bedoya, Sandra Hurtado<br \/>\nUniversidad de Caldas, Colombia<\/em><\/span><\/p>\n<h5 style=\"text-align: center;\"><a href=\"https:\/\/acofipapers.org\/index.php\/eiei\/article\/view\/59\">Consultar trabajo<\/a><br \/>\n<span style=\"color: #ffffff;\">.<\/span><\/h5>\n<p style=\"text-align: center;\"><strong>\u00bfQU\u00c9 ES UN GEOPORTAL Y C\u00d3MO SE HACE?<\/strong><br \/>\n<span style=\"color: #ef4136;\"><em>Juli\u00e1n Garz\u00f3n Barrero, Valetina Mej\u00eda Cardona, Gonzalo Jim\u00e9nez Cleves<br \/>\nUniversidad del Quind\u00edo, Colombia<\/em><\/span><\/p>\n<h5 style=\"text-align: center;\"><a href=\"https:\/\/acofipapers.org\/index.php\/eiei\/article\/view\/101\">Consultar trabajo<\/a><br \/>\n<span style=\"color: #ffffff;\">.<\/span><\/h5>\n<h3 style=\"text-align: center;\"><strong><span style=\"color: #fbb040;\">Avances en investigaci\u00f3n<\/span><\/strong><\/h3>\n<p style=\"text-align: center;\"><strong>OPTIMIZACI\u00d3N DEL M\u00d3DULO CONVERTIDOR CC-CC ELEVADOR PARA INDUSTRIAS 4.0<\/strong><br \/>\n<span style=\"color: #ef4136;\"><em>Mar\u00eda Elena Leyes S\u00e1nchez, Henry William Pe\u00f1uela Meneses<br \/>\nUniversidad Tecnol\u00f3gica de Pereira, Colombia<\/em><\/span><\/p>\n<h5 style=\"text-align: center;\"><a href=\"https:\/\/acofipapers.org\/index.php\/eiei\/article\/view\/181\">Consultar trabajo<\/a><br \/>\n<a href=\"http:\/\/www.acofi.edu.co\/eiei2019\/wp-content\/uploads\/2019\/08\/3276.jpg\">Consultar p\u00f3ster<\/a><br \/>\n<span style=\"color: #ffffff;\">.<\/span><\/h5>\n<h3 style=\"text-align: center;\"><strong><span style=\"color: #fbb040;\">Trabajos de los estudiantes<\/span><\/strong><\/h3>\n<p style=\"text-align: center;\"><strong>IMPLEMENTACI\u00d3N DEL ENFOQUE POL\u00cdTICO AMBIENTAL Y LABORAL COMO APORTE A LA C\u00c1TEDRA GESTI\u00d3N INTEGRAL EN LA INDUSTRIA DE LOS HIDROCARBUROS<\/strong><br \/>\n<em><span style=\"color: #ef4136;\">Luis Kennedy Benavides V\u00e1squez, James Stid Pareja Piramanrrique, Mar\u00eda del Pilar Vargas Daza<br \/>\nUniversidad Industrial de Santander, Colombia<\/span><\/em><\/p>\n<h5 style=\"text-align: center;\"><a href=\"https:\/\/acofipapers.org\/index.php\/eiei\/article\/view\/245\">Consultar trabajo<\/a><br \/>\n<a href=\"http:\/\/www.acofi.edu.co\/eiei2019\/wp-content\/uploads\/2019\/08\/3623.jpg\">Consultar p\u00f3ster<\/a><\/h5>\n","protected":false},"excerpt":{"rendered":"<p>Los premios ACOFI se promueven desde el a\u00f1o 1998. Buscan estimular el trabajo acad\u00e9mico de los profesores y estudiantes pertenecientes a las facultades de ingenier\u00eda del pa\u00eds y\u00a0se entregan a los mejores trabajos presentados en el Encuentro en las distintas categor\u00edas.\u00a0El reconocimiento se realizar\u00e1 durante el primer trimestre del 2020. . Ganadores . Trabajos sobre [&hellip;]<\/p>\n","protected":false},"author":1,"featured_media":0,"parent":0,"menu_order":0,"comment_status":"closed","ping_status":"closed","template":"","meta":[],"_links":{"self":[{"href":"http:\/\/acofi.edu.co\/eiei2019\/wp-json\/wp\/v2\/pages\/14"}],"collection":[{"href":"http:\/\/acofi.edu.co\/eiei2019\/wp-json\/wp\/v2\/pages"}],"about":[{"href":"http:\/\/acofi.edu.co\/eiei2019\/wp-json\/wp\/v2\/types\/page"}],"author":[{"embeddable":true,"href":"http:\/\/acofi.edu.co\/eiei2019\/wp-json\/wp\/v2\/users\/1"}],"replies":[{"embeddable":true,"href":"http:\/\/acofi.edu.co\/eiei2019\/wp-json\/wp\/v2\/comments?post=14"}],"version-history":[{"count":15,"href":"http:\/\/acofi.edu.co\/eiei2019\/wp-json\/wp\/v2\/pages\/14\/revisions"}],"predecessor-version":[{"id":973,"href":"http:\/\/acofi.edu.co\/eiei2019\/wp-json\/wp\/v2\/pages\/14\/revisions\/973"}],"wp:attachment":[{"href":"http:\/\/acofi.edu.co\/eiei2019\/wp-json\/wp\/v2\/media?parent=14"}],"curies":[{"name":"wp","href":"https:\/\/api.w.org\/{rel}","templated":true}]}}