{"id":12,"date":"2018-12-02T04:00:24","date_gmt":"2018-12-02T04:00:24","guid":{"rendered":"http:\/\/localhost\/eiei2019\/?page_id=12"},"modified":"2019-09-09T22:01:41","modified_gmt":"2019-09-09T22:01:41","slug":"pre-inscripcion","status":"publish","type":"page","link":"http:\/\/acofi.edu.co\/eiei2019\/pre-inscripcion\/","title":{"rendered":"Pre-Inscripci\u00f3n"},"content":{"rendered":"<h2 style=\"text-align: center;\"><span style=\"color: #ef4136;\">Tarifas<\/span><\/h2>\n<p><img loading=\"lazy\" class=\"alignnone wp-image-289\" src=\"http:\/\/www.acofi.edu.co\/eiei2019\/wp-content\/uploads\/2019\/01\/Tarifas-2019-def-300x190.png\" alt=\"\" width=\"500\" height=\"316\" srcset=\"http:\/\/www.acofi.edu.co\/eiei2019\/wp-content\/uploads\/2019\/01\/Tarifas-2019-def-300x190.png 300w, http:\/\/www.acofi.edu.co\/eiei2019\/wp-content\/uploads\/2019\/01\/Tarifas-2019-def-768x486.png 768w, http:\/\/www.acofi.edu.co\/eiei2019\/wp-content\/uploads\/2019\/01\/Tarifas-2019-def-1024x647.png 1024w, http:\/\/www.acofi.edu.co\/eiei2019\/wp-content\/uploads\/2019\/01\/Tarifas-2019-def.png 1145w\" sizes=\"(max-width: 500px) 100vw, 500px\" \/><\/p>\n<p>*Ponentes extranjeros: tarifa para quienes residan fuera de Colombia<br \/>\n**Acompa\u00f1antes: Personas que asistan con la persona inscrita a nuestras actividades sociales<br \/>\n***Estudiantes activos de doctorado: quienes asistan al Primer Encuentro Nacional de Estudiantes de Doctorados en Ingenier\u00eda<\/p>\n<p><strong><span style=\"color: #ffffff;\">.<\/span><\/strong><\/p>\n<h5 style=\"text-align: center;\"><span style=\"color: #000000;\"><strong>Importante:<\/strong>\u00a0Los pagos recibidos por concepto de inscripci\u00f3n al Encuentro Internacional de Educaci\u00f3n en Ingenier\u00eda ACOFI 2019, no son reembolsables.<\/span><\/h5>\n<h5 style=\"text-align: center;\"><span style=\"color: #000000;\">La Inscripci\u00f3n al Encuentro se har\u00e1 oficial, una vez se haya cancelado el valor de la inscripci\u00f3n de cada participante.<\/span><\/h5>\n<p><span style=\"color: #ffffff;\">.<\/span><\/p>\n<div class=\"container\">\n<div class=\"row\">\n<div class=\"col-12 vMargin15\">\n<h2 style=\"text-align: center;\"><span style=\"color: #ef4136;\">Medios de pago<\/span><\/h2>\n<p style=\"text-align: justify;\">Hemos facilitado las siguientes opciones para que realice su pago de manera \u00e1gil:<\/p>\n<h4 class=\"section-title\"><span style=\"color: #fbb040;\">Pago en L\u00ednea<\/span><\/h4>\n<\/div>\n<\/div>\n<div class=\"row\">\n<div class=\"col-12 botones-pago\">\n<div class=\"button-style3\"><a class=\"\" href=\"https:\/\/www.zonapagos.com\/t_acofius\">D\u00f3lares USD<\/a><\/div>\n<div class=\"button-style3\"><a class=\"\" href=\"https:\/\/www.zonapagos.com\/t_acofi\">Pesos (COP)<\/a><\/div>\n<\/div>\n<\/div>\n<\/div>\n<div class=\"container\">\n<div class=\"row\">\n<div class=\"col-12 vMargin15\">\n<div class=\"vMargin15\">\n<h4><span style=\"color: #fbb040;\">Datos para transferencia bancaria en Colombia<\/span><\/h4>\n<div>Nombre beneficiario: ACOFI. Asociaci\u00f3n Colombiana de Facultades de Ingenier\u00eda<br \/>\nTel\u00e9fono del beneficiario: 571 4273065 ext. 103<br \/>\nEntidad bancaria: Bancolombia, sucursal salitre, calle 25 N\u00b0. 68B-02, Bogot\u00e1. Tel: 571 4273070<br \/>\nN\u00famero de cuenta: 17126041844<br \/>\nTipo de cuenta: Corriente<br \/>\nCiudad y pa\u00eds: Bogot\u00e1, Colombia<\/div>\n<\/div>\n<div class=\"vMargin15\">\n<h4><span style=\"color: #fbb040;\">Datos para transferencia bancaria en el exterior<\/span><\/h4>\n<div>Banco pagador: BANCOLOMBIA<br \/>\nSWIFT BANCOLOMBIA: COLOCOBM<br \/>\nBanco intermediario: CITIBANK de Nueva York<br \/>\nC\u00f3digo ABA: 021000089<br \/>\nSWIFT: CITIUS33<br \/>\nAcreditar a la cuenta: #36006658 de BANCOLOMBIA<\/div>\n<div><span style=\"color: #ffffff;\">.<\/span><\/div>\n<\/div>\n<\/div>\n<\/div>\n<\/div>\n<div class=\"container\">\n<div class=\"row\">\n<div class=\"col-12 vMargin15\">\n<h2 style=\"text-align: center;\"><span style=\"color: #ef4136;\">Contacto<\/span><\/h2>\n<p style=\"text-align: justify;\">En la consignaci\u00f3n, indicar nombre del inscrito e instituci\u00f3n que presenta y enviarla al fax (57 1) 4273065 ext. 102 \u00f3 111. e-mail:\u00a0<strong><a href=\"mailto:administrativa@acofi.edu.co\" target=\"_blank\" rel=\"noopener\">administrativa@acofi.edu.co<\/a><\/strong>\u00a0ACOFI expedir\u00e1 la factura una vez se haya realizado el pago.<\/p>\n<p style=\"text-align: justify;\">Si usted requiere un tr\u00e1mite diferente para el pago de su inscripci\u00f3n, por favor escr\u00edbanos haciendo la solicitud respectiva a\u00a0<strong><a href=\"mailto:administrativa@acofi.edu.co\" target=\"_blank\" rel=\"noopener\">administrativa@acofi.edu.co<\/a><\/strong>\u00a0y estaremos prestos a colaborarle.<\/p>\n<p><span style=\"color: #ffffff;\">.<\/span><\/p>\n<\/div>\n<\/div>\n<\/div>\n","protected":false},"excerpt":{"rendered":"<p>Tarifas *Ponentes extranjeros: tarifa para quienes residan fuera de Colombia **Acompa\u00f1antes: Personas que asistan con la persona inscrita a nuestras actividades sociales ***Estudiantes activos de doctorado: quienes asistan al Primer Encuentro Nacional de Estudiantes de Doctorados en Ingenier\u00eda . Importante:\u00a0Los pagos recibidos por concepto de inscripci\u00f3n al Encuentro Internacional de Educaci\u00f3n en Ingenier\u00eda ACOFI 2019, [&hellip;]<\/p>\n","protected":false},"author":1,"featured_media":0,"parent":0,"menu_order":0,"comment_status":"closed","ping_status":"closed","template":"","meta":[],"_links":{"self":[{"href":"http:\/\/acofi.edu.co\/eiei2019\/wp-json\/wp\/v2\/pages\/12"}],"collection":[{"href":"http:\/\/acofi.edu.co\/eiei2019\/wp-json\/wp\/v2\/pages"}],"about":[{"href":"http:\/\/acofi.edu.co\/eiei2019\/wp-json\/wp\/v2\/types\/page"}],"author":[{"embeddable":true,"href":"http:\/\/acofi.edu.co\/eiei2019\/wp-json\/wp\/v2\/users\/1"}],"replies":[{"embeddable":true,"href":"http:\/\/acofi.edu.co\/eiei2019\/wp-json\/wp\/v2\/comments?post=12"}],"version-history":[{"count":19,"href":"http:\/\/acofi.edu.co\/eiei2019\/wp-json\/wp\/v2\/pages\/12\/revisions"}],"predecessor-version":[{"id":936,"href":"http:\/\/acofi.edu.co\/eiei2019\/wp-json\/wp\/v2\/pages\/12\/revisions\/936"}],"wp:attachment":[{"href":"http:\/\/acofi.edu.co\/eiei2019\/wp-json\/wp\/v2\/media?parent=12"}],"curies":[{"name":"wp","href":"https:\/\/api.w.org\/{rel}","templated":true}]}}