{"id":110,"date":"2018-12-11T15:51:02","date_gmt":"2018-12-11T15:51:02","guid":{"rendered":"http:\/\/acofi.edu.co\/eiei2019\/?page_id=110"},"modified":"2019-07-17T16:37:15","modified_gmt":"2019-07-17T16:37:15","slug":"trabajos-sobre-ensenanza-de-la-ingenieria","status":"publish","type":"page","link":"http:\/\/acofi.edu.co\/eiei2019\/categorias-de-participacion\/trabajos-sobre-ensenanza-de-la-ingenieria\/","title":{"rendered":"Trabajos sobre Ense\u00f1anza de la Ingenier\u00eda"},"content":{"rendered":"<p style=\"text-align: justify;\">En el EIEI ACOFI 2019 y el CLADI 2019 se expondr\u00e1n las experiencias y propuestas de profesores e investigadores en educaci\u00f3n en ingenier\u00eda, por medio de trabajos de aula e investigaciones en los \u00e1mbitos de los siguientes ejes tem\u00e1ticos:<\/p>\n<ul style=\"text-align: justify;\">\n<li>Calidad y acreditaci\u00f3n<\/li>\n<li>Evaluaci\u00f3n de la ense\u00f1anza en el aula<\/li>\n<li>Desarrollo curricular<\/li>\n<li>Procesos de ense\u00f1anza &#8211; aprendizaje<\/li>\n<\/ul>\n","protected":false},"excerpt":{"rendered":"<p>En el EIEI ACOFI 2019 y el CLADI 2019 se expondr\u00e1n las experiencias y propuestas de profesores e investigadores en educaci\u00f3n en ingenier\u00eda, por medio de trabajos de aula e investigaciones en los \u00e1mbitos de los siguientes ejes tem\u00e1ticos: Calidad y acreditaci\u00f3n Evaluaci\u00f3n de la ense\u00f1anza en el aula Desarrollo curricular Procesos de ense\u00f1anza &#8211; [&hellip;]<\/p>\n","protected":false},"author":1,"featured_media":0,"parent":34,"menu_order":0,"comment_status":"closed","ping_status":"closed","template":"","meta":[],"_links":{"self":[{"href":"http:\/\/acofi.edu.co\/eiei2019\/wp-json\/wp\/v2\/pages\/110"}],"collection":[{"href":"http:\/\/acofi.edu.co\/eiei2019\/wp-json\/wp\/v2\/pages"}],"about":[{"href":"http:\/\/acofi.edu.co\/eiei2019\/wp-json\/wp\/v2\/types\/page"}],"author":[{"embeddable":true,"href":"http:\/\/acofi.edu.co\/eiei2019\/wp-json\/wp\/v2\/users\/1"}],"replies":[{"embeddable":true,"href":"http:\/\/acofi.edu.co\/eiei2019\/wp-json\/wp\/v2\/comments?post=110"}],"version-history":[{"count":17,"href":"http:\/\/acofi.edu.co\/eiei2019\/wp-json\/wp\/v2\/pages\/110\/revisions"}],"predecessor-version":[{"id":549,"href":"http:\/\/acofi.edu.co\/eiei2019\/wp-json\/wp\/v2\/pages\/110\/revisions\/549"}],"up":[{"embeddable":true,"href":"http:\/\/acofi.edu.co\/eiei2019\/wp-json\/wp\/v2\/pages\/34"}],"wp:attachment":[{"href":"http:\/\/acofi.edu.co\/eiei2019\/wp-json\/wp\/v2\/media?parent=110"}],"curies":[{"name":"wp","href":"https:\/\/api.w.org\/{rel}","templated":true}]}}