{"id":17,"date":"2014-12-08T23:16:07","date_gmt":"2014-12-08T23:16:07","guid":{"rendered":"http:\/\/acofi.edu.co\/eiei2015\/?page_id=17"},"modified":"2015-05-21T21:34:59","modified_gmt":"2015-05-21T21:34:59","slug":"comite-cientifico","status":"publish","type":"page","link":"http:\/\/acofi.edu.co\/eiei2015\/comite-cientifico\/","title":{"rendered":"Comit\u00e9 Cient\u00edfico"},"content":{"rendered":"<p><strong>Adolfo Le\u00f3n Arenas Land\u00ednez<\/strong>, Universidad Industrial de Santander, Bucaramanga, Colombia<\/p>\n<p><strong>\u00c1ngela Mar\u00eda Ot\u00e1lvaro<\/strong>, Universidad de La Salle, Bogot\u00e1, Colombia<\/p>\n<p><strong>Armando Mu\u00f1oz Del Castillo<\/strong>, Instituci\u00f3n Universitaria CESMAG, Pasto, Colombia<\/p>\n<p><strong>Blanca Elvira Oviedo Torres<\/strong>, Pontificia Universidad Javeriana, Bogot\u00e1, Colombia<\/p>\n<p><strong>Carlos Arroyave<\/strong>, Universidad Antonio Nari\u00f1o, Bogot\u00e1, Colombia<\/p>\n<p><strong>Carlos Fernando Vega<\/strong>, Universidad Aut\u00f3noma de Occidente, Cali, Colombia<\/p>\n<p><strong>Carlos R. Ruiz Cruz<\/strong>, Escuela Colombiana de Ingenier\u00eda, Bogot\u00e1, Colombia<\/p>\n<p><strong>Claudia Patricia Casta\u00f1eda Berm\u00fadez<\/strong>, Escuela Colombiana de Ingenier\u00eda, Bogot\u00e1, Colombia<\/p>\n<p><strong>Dar\u00edo Mart\u00ednez<\/strong>, Universidad de Ibagu\u00e9, Ibagu\u00e9, Colombia<\/p>\n<p><strong>Edgar Qui\u00f1ones Bola\u00f1os<\/strong>, Universidad de Cartagena, Cartagena, Colombia<\/p>\n<p><strong>Faver Adri\u00e1n Amorocho Sep\u00falveda<\/strong>, Fundaci\u00f3n Universitaria de San Gil, San Gil, Colombia<\/p>\n<p><strong>Ferley Medina Rojas<\/strong>, Universidad Cooperativa de Colombia, Neiva, Colombia<\/p>\n<p><strong>Francisco Rebolledo Mu\u00f1oz<\/strong>, Pontificia Universidad Javeriana, Bogot\u00e1, Colombia<\/p>\n<p><strong>Henry Arley Taquez Quenguan<\/strong>, Universidad ICESI, Cali, Colombia<\/p>\n<p><strong>Jader Mu\u00f1oz Ramos<\/strong>, Universidad del Tolima, Ibagu\u00e9, Colombia<\/p>\n<p><strong>Jaime Salazar Contreras<\/strong>, ASIBEI, Bogot\u00e1, Colombia<\/p>\n<p><strong>John Alexander Alba V\u00e1squez<\/strong>, Universidad de La Sabana, Ch\u00eda, Colombia<\/p>\n<p><strong>Jos\u00e9 Luis Villa<\/strong>, Universidad Tecnol\u00f3gica de Bol\u00edvar, Cartagena, Colombia<\/p>\n<p><strong>Jovani Alberto Jim\u00e9nez Builes<\/strong>, Universidad Nacional de Colombia, Medell\u00edn, Colombia<\/p>\n<p><strong>Julio C\u00e9sar Ca\u00f1\u00f3n Rodr\u00edguez<\/strong>, Universidad Nacional de Colombia, Bogot\u00e1, Colombia<\/p>\n<p><strong>Lina Mar\u00eda V\u00e9lez Acosta<\/strong>, Universidad Pontificia Bolivariana, Medell\u00edn, Colombia<\/p>\n<p><strong>Luis Eduardo Rodr\u00edguez Cheu<\/strong>, Escuela Colombiana de Ingenier\u00eda, Bogot\u00e1, Colombia<\/p>\n<p><strong>Luis Miguel Mej\u00eda Giraldo<\/strong>, Universidad La Gran Colombia, Armenia, Colombia<\/p>\n<p><strong>Luz Stella Restrepo Ferro<\/strong>, Universidad Tecnol\u00f3gica de Pereira, Pereira, Colombia<\/p>\n<p><strong>Mar\u00eda Fernanda Serrano Guzm\u00e1n<\/strong>, Universidad Pontificia Bolivariana, Bucaramanga, Colombia<\/p>\n<p><strong>Marisol Osorio C\u00e1rdenas<\/strong>, Universidad Pontificia Bolivariana, Medell\u00edn , Colombia<\/p>\n<p><strong>Mauricio M\u00e1rquez Santos<\/strong>, Universidad Aut\u00f3noma del Caribe, Barranquilla, Colombia<\/p>\n<p><strong>Miller G\u00f3mez Mora<\/strong>, Pontificia Universidad Javeriana, Bogot\u00e1, Colombia<\/p>\n<p><strong>Naliny Guerra Prieto<\/strong>, Universidad Central, Bogot\u00e1, Colombia<\/p>\n<p><strong>Nayib Moreno Rodr\u00edguez,<\/strong> Universidad de la Costa, Barranquilla, Colombia<\/p>\n<p><strong>Odiel Estrada Molina<\/strong>, Universidad de las Ciencias Inform\u00e1ticas, La Habana, Cuba<\/p>\n<p><strong>Piedad Ga\u00f1\u00e1n Rojo<\/strong>, Universidad Pontificia Bolivariana, Medell\u00edn, Colombia<\/p>\n<p><strong>Rosa Mar\u00eda Gonz\u00e1lez T.<\/strong>, Universidad Polit\u00e9cnica de Madrid, Madrid, Espa\u00f1a<\/p>\n<p><strong>Santiago Henao<\/strong>, Escuela Colombiana de Ingenier\u00eda, Bogot\u00e1, Colombia<\/p>\n<p><strong>Torcoroma Vel\u00e1squez P\u00e9rez<\/strong>, Universidad Francisco de Paula Santander, Oca\u00f1a, Colombia<\/p>\n","protected":false},"excerpt":{"rendered":"<p>Adolfo Le\u00f3n Arenas Land\u00ednez, Universidad Industrial de Santander, Bucaramanga, Colombia \u00c1ngela Mar\u00eda Ot\u00e1lvaro, Universidad de La Salle, Bogot\u00e1, Colombia Armando Mu\u00f1oz Del Castillo, Instituci\u00f3n Universitaria CESMAG, Pasto, Colombia Blanca Elvira Oviedo Torres, Pontificia Universidad Javeriana, Bogot\u00e1, Colombia Carlos Arroyave, Universidad Antonio Nari\u00f1o, Bogot\u00e1, Colombia Carlos Fernando Vega, Universidad Aut\u00f3noma de Occidente, Cali, Colombia Carlos R. [&hellip;]<\/p>\n","protected":false},"author":3,"featured_media":0,"parent":0,"menu_order":0,"comment_status":"open","ping_status":"open","template":"","meta":[],"_links":{"self":[{"href":"http:\/\/acofi.edu.co\/eiei2015\/wp-json\/wp\/v2\/pages\/17"}],"collection":[{"href":"http:\/\/acofi.edu.co\/eiei2015\/wp-json\/wp\/v2\/pages"}],"about":[{"href":"http:\/\/acofi.edu.co\/eiei2015\/wp-json\/wp\/v2\/types\/page"}],"author":[{"embeddable":true,"href":"http:\/\/acofi.edu.co\/eiei2015\/wp-json\/wp\/v2\/users\/3"}],"replies":[{"embeddable":true,"href":"http:\/\/acofi.edu.co\/eiei2015\/wp-json\/wp\/v2\/comments?post=17"}],"version-history":[{"count":17,"href":"http:\/\/acofi.edu.co\/eiei2015\/wp-json\/wp\/v2\/pages\/17\/revisions"}],"predecessor-version":[{"id":678,"href":"http:\/\/acofi.edu.co\/eiei2015\/wp-json\/wp\/v2\/pages\/17\/revisions\/678"}],"wp:attachment":[{"href":"http:\/\/acofi.edu.co\/eiei2015\/wp-json\/wp\/v2\/media?parent=17"}],"curies":[{"name":"wp","href":"https:\/\/api.w.org\/{rel}","templated":true}]}}