{"id":26,"date":"2014-02-10T15:12:18","date_gmt":"2014-02-10T15:12:18","guid":{"rendered":"http:\/\/localhost\/eiei\/?page_id=26"},"modified":"2014-09-22T15:01:32","modified_gmt":"2014-09-22T15:01:32","slug":"invitados","status":"publish","type":"page","link":"http:\/\/acofi.edu.co\/eiei2014\/invitados\/","title":{"rendered":"Invitados"},"content":{"rendered":"<p><strong>Vicente Alb\u00e9niz L.<\/strong><br \/>\n<span style=\"color: #0000ff;\"><strong>Escuela Colombiana de Ingenier\u00eda<\/strong><\/span><br \/>\n<span style=\"color: #0000ff;\"> <strong> Colombia<\/strong><\/span><\/p>\n<p><a href=\"http:\/\/acofi.edu.co\/eiei2014\/wp-content\/uploads\/2014\/02\/Vicente-Alb\u00e9niz.jpg\"><img loading=\"lazy\" class=\"aligncenter wp-image-561 size-medium\" src=\"http:\/\/acofi.edu.co\/eiei2014\/wp-content\/uploads\/2014\/02\/Vicente-Alb\u00e9niz-231x300.jpg\" alt=\"Vicente Alb\u00e9niz\" width=\"231\" height=\"300\" srcset=\"http:\/\/acofi.edu.co\/eiei2014\/wp-content\/uploads\/2014\/02\/Vicente-Alb\u00e9niz-231x300.jpg 231w, http:\/\/acofi.edu.co\/eiei2014\/wp-content\/uploads\/2014\/02\/Vicente-Alb\u00e9niz.jpg 695w\" sizes=\"(max-width: 231px) 100vw, 231px\" \/><\/a><\/p>\n<p>Licenciado en Ciencias F\u00edsicas de la Universidad de Barcelona y mag\u00edster en Educaci\u00f3n de la Universidad Complutense. Adelant\u00f3 estudios de filosof\u00eda y educaci\u00f3n en el Centro de Altos Estudios Franceses. Fue asesor y facilitador para la implantaci\u00f3n de la reforma educativa en Colombia (1996-1998). Tiene amplia trayectoria docente e investigativa. Es coautor del libro \u201cTres momentos del compromiso docente en ingenier\u00eda\u201d, resultado de una investigaci\u00f3n del grupo Educing. Contin\u00faa como director del Departamento de Ciencias Naturales.<\/p>\n<p><strong>Enrique Vera L\u00f3pez<\/strong><br \/>\n<span style=\"color: #0000ff;\"><strong>Universidad Pedag\u00f3gica y Tecnol\u00f3gica de Colombia<\/strong><\/span><br \/>\n<span style=\"color: #0000ff;\"><strong> Colombia<\/strong><\/span><\/p>\n<p><a href=\"http:\/\/acofi.edu.co\/eiei2014\/wp-content\/uploads\/2014\/02\/Enrique-Vera-L\u00f3pez.jpg\"><img loading=\"lazy\" class=\"aligncenter wp-image-788 size-medium\" src=\"http:\/\/acofi.edu.co\/eiei2014\/wp-content\/uploads\/2014\/02\/Enrique-Vera-L\u00f3pez-264x300.jpg\" alt=\"Enrique Vera L\u00f3pez\" width=\"264\" height=\"300\" srcset=\"http:\/\/acofi.edu.co\/eiei2014\/wp-content\/uploads\/2014\/02\/Enrique-Vera-L\u00f3pez-264x300.jpg 264w, http:\/\/acofi.edu.co\/eiei2014\/wp-content\/uploads\/2014\/02\/Enrique-Vera-L\u00f3pez-901x1024.jpg 901w, http:\/\/acofi.edu.co\/eiei2014\/wp-content\/uploads\/2014\/02\/Enrique-Vera-L\u00f3pez.jpg 1368w\" sizes=\"(max-width: 264px) 100vw, 264px\" \/><\/a><\/p>\n<p>Enrique Vera L\u00f3pez es doctor en F\u00edsica de Materiales de la Universidad Heidelberg, Alemania.<\/p>\n<p>Es investigador de la coordinaci\u00f3n t\u00e9cnica y cient\u00edfica del INCITEMA y profesor de la Escuela de Ingenier\u00eda Metal\u00fargica de la UPTC, en el \u00e1rea de corrosi\u00f3n.<\/p>\n<p>Es presidente de ASCOR y su prop\u00f3sito como presidente de esta Asociaci\u00f3n es promover la productividad acad\u00e9mica de los investigadores en las universidades, financiar una colecci\u00f3n de publicaciones sobre el tema de corrosi\u00f3n y protecci\u00f3n en Colombia, crear unas becas para estudiantes de Maestr\u00eda y Doctorado en todo el pa\u00eds y ampliar la interacci\u00f3n con la industria a trav\u00e9s de est\u00e1ndares y normas con el sello ASCOR.<\/p>\n<p>Fue seleccionado en la segunda convocatoria para estudios de doctorado y maestr\u00eda en el exterior.\u00a0 Este reconocimiento se otorga por su alta producci\u00f3n cient\u00edfica, direcci\u00f3n de un gran n\u00famero de tesis de pregrado, desarrollo de nuevas\u00a0 y\u00a0 variadas l\u00edneas de investigaci\u00f3n y\u00a0 su gesti\u00f3n como director de investigaciones de la Universidad Pedag\u00f3gica y Tecnol\u00f3gica de Tunja \u00ad UPTC.<\/p>\n<p><strong>Jos\u00e9 Esteban Capilla Rom\u00e1<\/strong><br \/>\n<span style=\"color: #0000ff;\"><strong>Universidad Polit\u00e9cnica de Valencia<\/strong><\/span><br \/>\n<span style=\"color: #0000ff;\"> <strong> Espa\u00f1a<\/strong><\/span><\/p>\n<p><a href=\"http:\/\/acofi.edu.co\/eiei2014\/wp-content\/uploads\/2014\/02\/Jos\u00e9-Esteban-CAPILLA-ROM\u00c1.jpg\"><img loading=\"lazy\" class=\"aligncenter wp-image-566 size-medium\" src=\"http:\/\/acofi.edu.co\/eiei2014\/wp-content\/uploads\/2014\/02\/Jos\u00e9-Esteban-CAPILLA-ROM\u00c1-300x285.jpg\" alt=\"Jos\u00e9 Esteban CAPILLA ROM\u00c1\" width=\"300\" height=\"285\" srcset=\"http:\/\/acofi.edu.co\/eiei2014\/wp-content\/uploads\/2014\/02\/Jos\u00e9-Esteban-CAPILLA-ROM\u00c1-300x285.jpg 300w, http:\/\/acofi.edu.co\/eiei2014\/wp-content\/uploads\/2014\/02\/Jos\u00e9-Esteban-CAPILLA-ROM\u00c1.jpg 400w\" sizes=\"(max-width: 300px) 100vw, 300px\" \/><\/a><\/p>\n<p>Ingeniero de Caminos, Canales y Puertos, Universidad Polit\u00e9cnica de Valencia, Espa\u00f1a. Doctor Ingeniero de Caminos, Canales y Puertos, Universidad Polit\u00e9cnica de Valencia, Espa\u00f1a.<\/p>\n<p>Sus \u00e1reas de especializaci\u00f3n son la Modelaci\u00f3n matem\u00e1tica de flujo y transporte de masa en aguas subterr\u00e1neas y la Simulaci\u00f3n de sistemas complejos de recursos h\u00eddricos aplicada a la planificaci\u00f3n y gesti\u00f3n.<\/p>\n<p>Sus intereses en investigaci\u00f3n son la Contaminaci\u00f3n de suelos y aguas subterr\u00e1neas: evoluci\u00f3n y destino de los contaminantes, an\u00e1lisis de riesgo y recuperaci\u00f3n y la Modelaci\u00f3n inversa estoc\u00e1stica aplicada al flujo y transporte de masa en el subsuelo.<\/p>\n<p><strong>Jos\u00e9 Roberto Cardoso<\/strong><br \/>\n<span style=\"color: #0000ff;\"><strong>Universidade de S\u00e3o Paulo<\/strong><\/span><br \/>\n<span style=\"color: #0000ff;\"><strong> Brasil<\/strong><\/span><\/p>\n<p><a href=\"http:\/\/acofi.edu.co\/eiei2014\/wp-content\/uploads\/2014\/02\/Jos\u00e9-Roberto-Cardoso.jpg\"><img loading=\"lazy\" class=\"aligncenter wp-image-568 size-medium\" src=\"http:\/\/acofi.edu.co\/eiei2014\/wp-content\/uploads\/2014\/02\/Jos\u00e9-Roberto-Cardoso-300x261.jpg\" alt=\"Jos\u00e9 Roberto Cardoso\" width=\"300\" height=\"261\" srcset=\"http:\/\/acofi.edu.co\/eiei2014\/wp-content\/uploads\/2014\/02\/Jos\u00e9-Roberto-Cardoso-300x261.jpg 300w, http:\/\/acofi.edu.co\/eiei2014\/wp-content\/uploads\/2014\/02\/Jos\u00e9-Roberto-Cardoso.jpg 551w\" sizes=\"(max-width: 300px) 100vw, 300px\" \/><\/a><\/p>\n<p>Licenciado en Ingenier\u00eda El\u00e9ctrica &#8211; Mod Electrot\u00e9cnica de la Escuela Polit\u00e9cnica de la Universidad de S\u00e3o Paulo (1974), complet\u00f3 la tesis de maestr\u00eda, doctorado y post-doctorado en ingenier\u00eda el\u00e9ctrica en la misma escuela en 1979, 1986 y 1993 respectivamente. Realiz\u00f3\u00a0un Post-Doc en Labaoratoire d&#8217;Electrotechnique Grenoble-Francia durante 1987-1988.<\/p>\n<p>Es actualmente Profesor titular de la Escuela Polit\u00e9cnica de la Universidad de Sao Paulo (EPUSP), coordinador del Laboratorio Aplicadas Electromagnetismo. Tiene experiencia en Ingenier\u00eda El\u00e9ctrica con \u00e9nfasis en circuitos Eletromagneticos, actuando sobre los siguientes temas: electromagnetismo de elementos finitos, puesta a tierra, maquinaria el\u00e9ctrica e imanes permanentes.<\/p>\n<p>Fundador y presidente de la Sociedad Brasile\u00f1a de Electromagnetismo-SBMAG durante dos mandatos. Fue presidente de CPG EPUSP y miembro del Comit\u00e9 de Evaluaci\u00f3n de postgrado de Ingenier\u00eda IV CAPES.<\/p>\n<p><strong>Ethan E. Danahy<\/strong><br \/>\n<span style=\"color: #0000ff;\"><strong>Tufts University<\/strong><\/span><br \/>\n<span style=\"color: #0000ff;\"><strong> Estados Unidos<\/strong><\/span><\/p>\n<p><img loading=\"lazy\" class=\"aligncenter wp-image-572 size-full\" src=\"http:\/\/acofi.edu.co\/eiei2014\/wp-content\/uploads\/2014\/02\/ethandanahy.jpg\" alt=\"ethandanahy\" width=\"200\" height=\"260\" \/><\/p>\n<p>Dr. Ethan E. Danahy recibi\u00f3 el B.S. y M. S. en Ciencias de la Computaci\u00f3n en 2000 y 2002, respectivamente, y un doctorado grado en Ingenier\u00eda El\u00e9ctrica en 2007, todos en la Universidad de Tufts, Medford, MA. Actualmente ocupa el cargo de Director de Programa de Investigaci\u00f3n en Ingenier\u00eda en el Centro de Ense\u00f1anza de la Ingenier\u00eda y Extensi\u00f3n, donde dirige los proyectos de desarrollo de herramientas mientras trabaja en la\u00a0investigaci\u00f3n de t\u00e9cnicas innovadoras e interactivas para ayudar a los maestros en\u00a0la formaci\u00f3n en ingenier\u00eda y comunicaci\u00f3n en\u00a0conceptos de rob\u00f3tica para estudiantes que abarcan el K-12.<\/p>\n<p><strong>Ericksson Rocha e Almendra<br \/>\n<\/strong><span style=\"color: #0000ff;\"><strong>Universidade Federal do Rio de Janeiro<br \/>\n<\/strong><strong>Brasil<\/strong><\/span><\/p>\n<p><a href=\"http:\/\/acofi.edu.co\/eiei2014\/wp-content\/uploads\/2014\/02\/Ericksson-Rocha-e-Almendra.jpg\"><img loading=\"lazy\" class=\"aligncenter size-full wp-image-924\" src=\"http:\/\/acofi.edu.co\/eiei2014\/wp-content\/uploads\/2014\/02\/Ericksson-Rocha-e-Almendra.jpg\" alt=\"Ericksson Rocha e Almendra\" width=\"200\" height=\"300\" \/><\/a><\/p>\n<p>Ingeniero Metal\u00fargico de la Universidad Federal de R\u00edo de Janeiro, Master en Ingenier\u00eda Metal\u00fargica y de Materiales Ingenier\u00eda de la Universidad Federal de R\u00edo de Janeiro y Ph.D. en Ingenier\u00eda Metal\u00fargica y de Materiales de la Universidad Federal de R\u00edo de Janeiro (1990). \u00c9l es un profesor de la Universidad Federal de R\u00edo de Janeiro desde 1977 cuenta con experiencia en el \u00e1rea de los Materiales e Ingenier\u00eda Metal\u00fargica, con \u00e9nfasis en la hidrometalurgia, que act\u00faa sobre los siguientes temas: an\u00e1lisis termodin\u00e1mico, la termodin\u00e1mica, la lixiviaci\u00f3n, la s\u00edntesis de cer\u00e1mica y titanio. M\u00e1s recientemente. Ha sido coordinador del Programa de Licenciatura, Coordinador del Curso de Estudios de Posgrado y Jefe de Departamento. Desde marzo de 2006 ocupa el cargo de Director de la Escuela Polit\u00e9cnica de la UFRJ.<\/p>\n<p><strong>Ishwar K. Puri<\/strong><br \/>\n<span style=\"color: #0000ff;\"><strong>McMaster University<\/strong><\/span><br \/>\n<span style=\"color: #0000ff;\"><strong> Canad\u00e1<\/strong><\/span><\/p>\n<p><a href=\"http:\/\/acofi.edu.co\/eiei2014\/wp-content\/uploads\/2014\/02\/ishwar-puri.jpg\"><img loading=\"lazy\" class=\"aligncenter wp-image-570 size-medium\" src=\"http:\/\/acofi.edu.co\/eiei2014\/wp-content\/uploads\/2014\/02\/ishwar-puri-300x247.jpg\" alt=\"ishwar puri\" width=\"300\" height=\"247\" srcset=\"http:\/\/acofi.edu.co\/eiei2014\/wp-content\/uploads\/2014\/02\/ishwar-puri-300x247.jpg 300w, http:\/\/acofi.edu.co\/eiei2014\/wp-content\/uploads\/2014\/02\/ishwar-puri.jpg 330w\" sizes=\"(max-width: 300px) 100vw, 300px\" \/><\/a><\/p>\n<p>Es decano de la Facultad de Ingenier\u00eda y profesor de ingenier\u00eda mec\u00e1nica de McMaster University.<\/p>\n<p>Obtuvo su Ph.D. (1987), y M. S. (1984) en Ciencias de la Ingenier\u00eda (Mec\u00e1nica Aplicada) en la Universidad de California en San Diego despu\u00e9s de obtener su t\u00edtulo en Ingenier\u00eda Mec\u00e1nica de la Universidad de Delhi (1982).<\/p>\n<p>Dr. Puri es un miembro de la Sociedad Americana de Ingenieros Mec\u00e1nicos (ASME) y de la Asociaci\u00f3n Americana para el Avance de la Ciencia (AAAS). Se desempe\u00f1\u00f3 como Secretario de la Academia Americana de Mec\u00e1nica. En 2010, su alma mater, la Escuela de San Xavier, Delhi, lo honr\u00f3 con el Premio de Excelencia para Xaverian sus destacados logros, esp\u00edritu pionero, liderazgo y servicio p\u00fablico.<\/p>\n<p><strong>Julio C\u00e9sar Ca\u00f1\u00f3n Rodr\u00edguez<\/strong><br \/>\n<span style=\"color: #0000ff;\"><strong>Universidad Nacional de Colombia<\/strong><\/span><br \/>\n<span style=\"color: #0000ff;\"><strong>Colombia<\/strong><\/span><\/p>\n<p><a href=\"http:\/\/acofi.edu.co\/eiei2014\/wp-content\/uploads\/2014\/02\/Julio-Cesar-Ca\u00f1on.jpg\"><img loading=\"lazy\" class=\"aligncenter wp-image-759 size-medium\" src=\"http:\/\/acofi.edu.co\/eiei2014\/wp-content\/uploads\/2014\/02\/Julio-Cesar-Ca\u00f1on-258x300.jpg\" alt=\"Julio Cesar Ca\u00f1on\" width=\"258\" height=\"300\" srcset=\"http:\/\/acofi.edu.co\/eiei2014\/wp-content\/uploads\/2014\/02\/Julio-Cesar-Ca\u00f1on-258x300.jpg 258w, http:\/\/acofi.edu.co\/eiei2014\/wp-content\/uploads\/2014\/02\/Julio-Cesar-Ca\u00f1on-883x1024.jpg 883w, http:\/\/acofi.edu.co\/eiei2014\/wp-content\/uploads\/2014\/02\/Julio-Cesar-Ca\u00f1on.jpg 1132w\" sizes=\"(max-width: 258px) 100vw, 258px\" \/><\/a><\/p>\n<p>Ingeniero Civil, Mag\u00edster en Direcci\u00f3n Universitaria de la Universidad de los Andes, \u00a0Especialista en Proyectos de Desarrollo de Escuela Superior de Administraci\u00f3n P\u00fablica,\u00a0Mag\u00edster en Recursos Hidr\u00e1ulicos de Universidad Nacional,\u00a0Especialista en Aprovechamiento de Aguas Subterr\u00e1neas en la Universidad Nacional.<\/p>\n<p>Ha desempe\u00f1ado diferentes cargos en la Universidad Nacional de Colombia, sede Bogot\u00e1. Miembro del equipo de trabajo en Autoevaluaci\u00f3n y Acreditaci\u00f3n de la Facultad de Ingenier\u00eda de la Universidad Nacional.Par acad\u00e9mico y coordinador de visitas de evaluaci\u00f3n externa con fines de acreditaci\u00f3n. Consejo Nacional de Acreditaci\u00f3n, Colombia. Conferencista\u00a0 sobre Actualizaci\u00f3n\u00a0 en Procesos de Registro Calificado, Autoevaluaci\u00f3n y Acreditaci\u00f3n. Talleres organizados por ACOFI y CNA en Medell\u00edn, Cali y Bogot\u00e1.<\/p>\n<p><strong>Rochelle Williams<\/strong><br \/>\n<span style=\"color: #0000ff;\"><strong>ABET<\/strong><\/span><br \/>\n<span style=\"color: #0000ff;\"><strong>Estados Unidos<\/strong><\/span><\/p>\n<p>Directora de Investigaciones para el Desarrollo Profesional y Servicios de ABET. Es la Supervisora de planificaci\u00f3n, producci\u00f3n y ejecuci\u00f3n de los servicios profesionales; es responsable de evaluar las oportunidades de investigaci\u00f3n educativa para ABET<\/p>\n<p>Tiene doctorado en Ciencias y Matem\u00e1ticas Educaci\u00f3n y una Maestr\u00eda en Ingenier\u00eda en Ingenier\u00eda Mec\u00e1nica de la Universidad Austral y A &amp; M College en Baton Rouge, LA, y una Licenciatura en Ciencias en F\u00edsica de Spelman College en Atlanta, Ga.<\/p>\n","protected":false},"excerpt":{"rendered":"<p>Vicente Alb\u00e9niz L. Escuela Colombiana de Ingenier\u00eda Colombia Licenciado en Ciencias F\u00edsicas de la Universidad de Barcelona y mag\u00edster en Educaci\u00f3n de la Universidad Complutense. Adelant\u00f3 estudios de filosof\u00eda y educaci\u00f3n en el Centro de Altos Estudios Franceses. Fue asesor y facilitador para la implantaci\u00f3n de la reforma educativa en Colombia (1996-1998). Tiene amplia trayectoria<\/p>\n<p><a class=\"moretag\" href=\"http:\/\/acofi.edu.co\/eiei2014\/invitados\/\" > Read the full article ><\/a><\/p>\n","protected":false},"author":1,"featured_media":0,"parent":0,"menu_order":0,"comment_status":"open","ping_status":"open","template":"","meta":[],"_links":{"self":[{"href":"http:\/\/acofi.edu.co\/eiei2014\/wp-json\/wp\/v2\/pages\/26"}],"collection":[{"href":"http:\/\/acofi.edu.co\/eiei2014\/wp-json\/wp\/v2\/pages"}],"about":[{"href":"http:\/\/acofi.edu.co\/eiei2014\/wp-json\/wp\/v2\/types\/page"}],"author":[{"embeddable":true,"href":"http:\/\/acofi.edu.co\/eiei2014\/wp-json\/wp\/v2\/users\/1"}],"replies":[{"embeddable":true,"href":"http:\/\/acofi.edu.co\/eiei2014\/wp-json\/wp\/v2\/comments?post=26"}],"version-history":[{"count":32,"href":"http:\/\/acofi.edu.co\/eiei2014\/wp-json\/wp\/v2\/pages\/26\/revisions"}],"predecessor-version":[{"id":978,"href":"http:\/\/acofi.edu.co\/eiei2014\/wp-json\/wp\/v2\/pages\/26\/revisions\/978"}],"wp:attachment":[{"href":"http:\/\/acofi.edu.co\/eiei2014\/wp-json\/wp\/v2\/media?parent=26"}],"curies":[{"name":"wp","href":"https:\/\/api.w.org\/{rel}","templated":true}]}}